{"id":83361,"date":"2025-01-20T16:01:13","date_gmt":"2025-01-20T15:01:13","guid":{"rendered":"https:\/\/lifee.hu\/teszt\/?post_type=product&#038;p=83361"},"modified":"2025-05-13T12:13:29","modified_gmt":"2025-05-13T10:13:29","slug":"boska-hurkeszlet-a-monaco-huros-sajtszeletelohoz-3-db","status":"publish","type":"product","link":"https:\/\/lifee.hu\/teszt\/termek\/boska-hurkeszlet-a-monaco-huros-sajtszeletelohoz-3-db\/","title":{"rendered":"Boska sajth\u00far a Monaco+ h\u00faros sajtszeletel\u0151h\u00f6z, 3 db"},"content":{"rendered":"","protected":false},"excerpt":{"rendered":"<p style=\"text-align: justify;\">\u00c1lland\u00f3 haszn\u00e1latban van a BOSKA Monaco+ h\u00faros sajtszeletel\u0151d, \u00e9s sz\u00fcks\u00e9g lenne a h\u00far cser\u00e9j\u00e9re? Akkor rendeld meg a webshopunkb\u00f3l ezt a h\u00e1romdarabos szettet, hogy miel\u0151bb csod\u00e1s szeleteket var\u00e1zsolhass a t\u00e1ny\u00e9rodra a kedvenc Goud\u00e1db\u00f3l vagy Cheddarodb\u00f3l! A kiv\u00e1l\u00f3 min\u0151s\u00e9g \u00e9s \u00edzl\u00e9ses megjelen\u00e9s mellett a BOSKA a praktikus kialak\u00edt\u00e1sr\u00f3l is ismert m\u00e1rka, \u00edgy a h\u00far gyorsan \u00e9s egyszer\u0171en cser\u00e9lhet\u0151.<\/p>\n","protected":false},"featured_media":83362,"comment_status":"open","ping_status":"closed","template":"","meta":{"_acf_changed":false,"inline_featured_image":false},"product_cat":[62],"product_tag":[73,352,351,353],"class_list":{"0":"post-83361","1":"product","2":"type-product","3":"status-publish","4":"has-post-thumbnail","6":"product_cat-sajtimadoknak","7":"product_tag-boska","8":"product_tag-hur","9":"product_tag-sajthur","10":"product_tag-vagohuzal","11":"pa_marka-boska","12":"product_brand-boska","14":"first","15":"instock","16":"taxable","17":"shipping-taxable","18":"purchasable","19":"product-type-simple"},"acf":[],"_links":{"self":[{"href":"https:\/\/lifee.hu\/teszt\/wp-json\/wp\/v2\/product\/83361","targetHints":{"allow":["GET"]}}],"collection":[{"href":"https:\/\/lifee.hu\/teszt\/wp-json\/wp\/v2\/product"}],"about":[{"href":"https:\/\/lifee.hu\/teszt\/wp-json\/wp\/v2\/types\/product"}],"replies":[{"embeddable":true,"href":"https:\/\/lifee.hu\/teszt\/wp-json\/wp\/v2\/comments?post=83361"}],"wp:featuredmedia":[{"embeddable":true,"href":"https:\/\/lifee.hu\/teszt\/wp-json\/wp\/v2\/media\/83362"}],"wp:attachment":[{"href":"https:\/\/lifee.hu\/teszt\/wp-json\/wp\/v2\/media?parent=83361"}],"wp:term":[{"taxonomy":"product_cat","embeddable":true,"href":"https:\/\/lifee.hu\/teszt\/wp-json\/wp\/v2\/product_cat?post=83361"},{"taxonomy":"product_tag","embeddable":true,"href":"https:\/\/lifee.hu\/teszt\/wp-json\/wp\/v2\/product_tag?post=83361"}],"curies":[{"name":"wp","href":"https:\/\/api.w.org\/{rel}","templated":true}]}}