{"id":83354,"date":"2025-01-20T11:44:29","date_gmt":"2025-01-20T10:44:29","guid":{"rendered":"https:\/\/lifee.hu\/teszt\/?post_type=product&#038;p=83354"},"modified":"2025-05-13T12:13:29","modified_gmt":"2025-05-13T10:13:29","slug":"boska-sajthur-brie-hez-600-mm-x-08-mm-10-db","status":"publish","type":"product","link":"https:\/\/lifee.hu\/teszt\/termek\/boska-sajthur-brie-hez-600-mm-x-08-mm-10-db\/","title":{"rendered":"Boska sajth\u00far Brie-hez 600 mm x 0,8 mm, 10 db"},"content":{"rendered":"<p>Sz\u00edn: ez\u00fcst<br \/>\nAnyag: rozsdamentes ac\u00e9l<br \/>\nTerm\u00e9k m\u00e9rete: 600 mm x 0,8 mm x 0,8 mm<br \/>\nM\u00e9ret csomagol\u00e1sban: 153 mm x 138 mm x 13 mm<br \/>\nA h\u00farok nem moshat\u00f3k mosogat\u00f3g\u00e9pben.<\/p>\n","protected":false},"excerpt":{"rendered":"<p style=\"text-align: justify;\">L\u00e1gys\u00e1g\u00e1b\u00f3l ad\u00f3d\u00f3an az eg\u00e9sz Brie darabol\u00e1sa mindenk\u00e9pp professzion\u00e1lis eszk\u00f6zt ig\u00e9nyel, amihez szuper min\u0151s\u00e9g\u0171 h\u00farokat szerezhetsz be webshopunkb\u00f3l 0,8 mm vastags\u00e1gban. Ezekkel a h\u00farokkal j\u00e1tszi k\u00f6nnyeds\u00e9ggel, pillanatok alatt v\u00e1ghatsz t\u00f6k\u00e9letes darabokat a Brie-b\u0151l \u00e9s b\u00e1rmilyen m\u00e1s l\u00e1gy, k\u00e9reg n\u00e9lk\u00fcli eg\u00e9sz sajtb\u00f3l, amiket \u00edgy a lehet\u0151 leg\u00edzl\u00e9sesebben adhatsz \u00e1t a vev\u0151idnek. A h\u00fark\u00e9szlet t\u00edzdarabos, ez\u00e9rt amiatt sem kell agg\u00f3dnod, hogy gyorsan kifogysz a min\u0151s\u00e9gi eszk\u00f6z\u00f6kb\u0151l. A h\u00farok annyira megb\u00edzhat\u00f3an v\u00e9gzik a dolgukat, hogy ak\u00e1r h\u00e1rom Brie-t is egym\u00e1sra rakhatsz a darabol\u00e1shoz.<\/p>\n<p>Sajt: Brie-hez \u00e9s m\u00e1s l\u00e1gy, k\u00e9reg n\u00e9lk\u00fcli sajthoz<\/p>\n","protected":false},"featured_media":83356,"comment_status":"open","ping_status":"closed","template":"","meta":{"_acf_changed":false,"inline_featured_image":false},"product_cat":[62],"product_tag":[73,350,351],"class_list":{"0":"post-83354","1":"product","2":"type-product","3":"status-publish","4":"has-post-thumbnail","6":"product_cat-sajtimadoknak","7":"product_tag-boska","8":"product_tag-brie","9":"product_tag-sajthur","10":"pa_marka-boska","11":"product_brand-boska","13":"first","14":"instock","15":"taxable","16":"shipping-taxable","17":"purchasable","18":"product-type-simple"},"acf":[],"_links":{"self":[{"href":"https:\/\/lifee.hu\/teszt\/wp-json\/wp\/v2\/product\/83354","targetHints":{"allow":["GET"]}}],"collection":[{"href":"https:\/\/lifee.hu\/teszt\/wp-json\/wp\/v2\/product"}],"about":[{"href":"https:\/\/lifee.hu\/teszt\/wp-json\/wp\/v2\/types\/product"}],"replies":[{"embeddable":true,"href":"https:\/\/lifee.hu\/teszt\/wp-json\/wp\/v2\/comments?post=83354"}],"wp:featuredmedia":[{"embeddable":true,"href":"https:\/\/lifee.hu\/teszt\/wp-json\/wp\/v2\/media\/83356"}],"wp:attachment":[{"href":"https:\/\/lifee.hu\/teszt\/wp-json\/wp\/v2\/media?parent=83354"}],"wp:term":[{"taxonomy":"product_cat","embeddable":true,"href":"https:\/\/lifee.hu\/teszt\/wp-json\/wp\/v2\/product_cat?post=83354"},{"taxonomy":"product_tag","embeddable":true,"href":"https:\/\/lifee.hu\/teszt\/wp-json\/wp\/v2\/product_tag?post=83354"}],"curies":[{"name":"wp","href":"https:\/\/api.w.org\/{rel}","templated":true}]}}