{"id":83233,"date":"2025-01-04T08:37:02","date_gmt":"2025-01-04T07:37:02","guid":{"rendered":"https:\/\/lifee.hu\/teszt\/?post_type=product&#038;p=83233"},"modified":"2025-05-13T12:13:30","modified_gmt":"2025-05-13T10:13:30","slug":"boska-monaco-szakacskes-8-cm","status":"publish","type":"product","link":"https:\/\/lifee.hu\/teszt\/termek\/boska-monaco-szakacskes-8-cm\/","title":{"rendered":"Boska Monaco+ h\u00e1moz\u00f3k\u00e9s (8 cm)"},"content":{"rendered":"<p>Anyag: rozsdamentes ac\u00e9l<br \/>\nGarancia: \u00e9letre sz\u00f3l\u00f3<br \/>\nTerm\u00e9k m\u00e9rete: 196 mm x 22 mm x 10 mm<br \/>\nM\u00e9ret csomagol\u00e1sban: 245 mm x 76 mm x 28 mm<br \/>\nA term\u00e9k kiz\u00e1r\u00f3lag k\u00e9zzel tiszt\u00edthat\u00f3.<\/p>\n","protected":false},"excerpt":{"rendered":"<p style=\"text-align: justify;\">Legyen sz\u00f3 gy\u00fcm\u00f6lcsr\u0151l vagy z\u00f6lds\u00e9gr\u0151l, az el\u0151k\u00e9sz\u00edt\u00e9s egyik legf\u0151bb m\u0171velete a h\u00e1moz\u00e1s, amit csakis a legjobb k\u00e9ssel \u00e9rdemes v\u00e9gezni. A BOSKA Monaco+ h\u00e1moz\u00f3k\u00e9s\u00e9vel id\u0151t \u00e9s alapanyagot takar\u00edthatsz meg, hiszen gyorsan \u00e9s prec\u00edzen dolgozhatsz vele. Roppant \u00e9les k\u00e9s l\u00e9v\u00e9n a h\u00e1moz\u00e1s ut\u00e1n szeletel\u00e9sre \u00e9s darabol\u00e1sra is haszn\u00e1lhatod, t\u00f6k\u00e9letes karik\u00e1kra, kock\u00e1kra, cs\u00edkokra \u00e9s egy\u00e9b form\u00e1kra v\u00e1ghatod az alm\u00e1t, k\u00f6rt\u00e9t, mang\u00f3t, s\u00e1rgar\u00e9p\u00e1t, ubork\u00e1t, karal\u00e1b\u00e9t \u00e9s egy\u00e9b finoms\u00e1gokat. Ne feledd: b\u00e1r a k\u00e9s min\u0151s\u00e9gi rozsdamentes ac\u00e9lb\u00f3l k\u00e9sz\u00fclt, m\u00e9gis er\u0151sen aj\u00e1nlott k\u00e9zzel elmosni, ezzel is n\u00f6velve az \u00e9le \u00e9lettartam\u00e1t. Rendeld meg webshopunkb\u00f3l mind\u00f6ssze p\u00e1r kattint\u00e1ssal!<\/p>\n","protected":false},"featured_media":83239,"comment_status":"open","ping_status":"closed","template":"","meta":{"_acf_changed":false,"inline_featured_image":false},"product_cat":[35],"product_tag":[73,348,335,184,349],"class_list":{"0":"post-83233","1":"product","2":"type-product","3":"status-publish","4":"has-post-thumbnail","6":"product_cat-kes","7":"product_tag-boska","8":"product_tag-hamozokes","9":"product_tag-kes","10":"product_tag-monaco","11":"product_tag-szakacskes","12":"pa_marka-boska","13":"product_brand-boska","15":"first","16":"instock","17":"taxable","18":"shipping-taxable","19":"purchasable","20":"product-type-simple"},"acf":[],"_links":{"self":[{"href":"https:\/\/lifee.hu\/teszt\/wp-json\/wp\/v2\/product\/83233","targetHints":{"allow":["GET"]}}],"collection":[{"href":"https:\/\/lifee.hu\/teszt\/wp-json\/wp\/v2\/product"}],"about":[{"href":"https:\/\/lifee.hu\/teszt\/wp-json\/wp\/v2\/types\/product"}],"replies":[{"embeddable":true,"href":"https:\/\/lifee.hu\/teszt\/wp-json\/wp\/v2\/comments?post=83233"}],"wp:featuredmedia":[{"embeddable":true,"href":"https:\/\/lifee.hu\/teszt\/wp-json\/wp\/v2\/media\/83239"}],"wp:attachment":[{"href":"https:\/\/lifee.hu\/teszt\/wp-json\/wp\/v2\/media?parent=83233"}],"wp:term":[{"taxonomy":"product_cat","embeddable":true,"href":"https:\/\/lifee.hu\/teszt\/wp-json\/wp\/v2\/product_cat?post=83233"},{"taxonomy":"product_tag","embeddable":true,"href":"https:\/\/lifee.hu\/teszt\/wp-json\/wp\/v2\/product_tag?post=83233"}],"curies":[{"name":"wp","href":"https:\/\/api.w.org\/{rel}","templated":true}]}}