{"id":83208,"date":"2025-01-02T22:15:16","date_gmt":"2025-01-02T21:15:16","guid":{"rendered":"https:\/\/lifee.hu\/teszt\/?post_type=product&#038;p=83208"},"modified":"2025-05-13T12:13:30","modified_gmt":"2025-05-13T10:13:30","slug":"boska-friends-pizzatalalo-xxl-47-cm-%e2%8c%80","status":"publish","type":"product","link":"https:\/\/lifee.hu\/teszt\/termek\/boska-friends-pizzatalalo-xxl-47-cm-%e2%8c%80\/","title":{"rendered":"Boska Friends pizzat\u00e1lal\u00f3, XXL \u2013 47 cm \u2300"},"content":{"rendered":"<p>Anyag: t\u00f6lgyfa<br \/>\nGarancia: 10 \u00e9v<br \/>\nTerm\u00e9k m\u00e9rete: 463 mm x 455 mm x 23 mm<br \/>\nM\u00e9ret csomagol\u00e1sban: 463 mm x 455 mm x 23 mm<br \/>\nA term\u00e9k kiz\u00e1r\u00f3lag k\u00e9zzel tiszt\u00edthat\u00f3.<\/p>\n","protected":false},"excerpt":{"rendered":"<p style=\"text-align: justify;\">Hatalmas pizzarajong\u00f3 vagy? Akkor biztosan im\u00e1dni fogod a BOSKA hatalmas Friends pizzat\u00e1lal\u00f3j\u00e1t! B\u0151ven elf\u00e9r rajta egy j\u00f3kora m\u00e9ret\u0171 olasz finoms\u00e1g, de a mini v\u00e1ltozat\u00e1b\u00f3l is rengeteget pakolhatsz r\u00e1, nem kell amiatt izgulnod, hogy ne lakna j\u00f3 a vend\u00e9gsereg. Kialak\u00edt\u00e1s\u00e1nak \u00e9s m\u00e9ret\u00e9nek k\u00f6sz\u00f6nhet\u0151en egy\u00e9bk\u00e9nt b\u00e1rmilyen vend\u00e9gv\u00e1r\u00f3 t\u00e1lal\u00e1s\u00e1hoz ide\u00e1lis v\u00e1laszt\u00e1s, m\u00e1r csak az\u00e9rt is, mert a sz\u00e9l\u00e9n l\u00e9v\u0151 v\u00e1jat felfogja a lepotyog\u00f3 morzs\u00e1t, sziv\u00e1rg\u00f3 szaftot, \u00edgy gondtalanul k\u00f6zlekedhetsz vele a konyha \u00e9s az asztal k\u00f6z\u00f6tt, r\u00e1ad\u00e1sul a ter\u00edt\u0151d tisztas\u00e1ga miatt sem kell agg\u00f3dnod. Az Eur\u00f3p\u00e1ban k\u00e9sz\u00fclt, rusztikus, m\u00e9gis eleg\u00e1ns t\u00e1lal\u00f3 t\u00f6lgyf\u00e1b\u00f3l k\u00e9sz\u00fclt, \u00edgy soha ne tedd mosogat\u00f3g\u00e9pbe, \u00e9s id\u0151nk\u00e9nt kend \u00e1t megfelel\u0151 \u00e1pol\u00f3olajjal is, amit ugyancsak beszerezhetsz a web\u00e1ruh\u00e1zunkb\u00f3l.<\/p>\n","protected":false},"featured_media":83212,"comment_status":"open","ping_status":"closed","template":"","meta":{"_acf_changed":false,"inline_featured_image":false},"product_cat":[79,39],"product_tag":[73,317,77,341,340],"class_list":{"0":"post-83208","1":"product","2":"type-product","3":"status-publish","4":"has-post-thumbnail","6":"product_cat-pizzaimadoknak","7":"product_cat-talalas","8":"product_tag-boska","9":"product_tag-friends","10":"product_tag-pizza","11":"product_tag-pizzadeszka","12":"product_tag-pizzatalalo","13":"pa_marka-boska","14":"product_brand-boska","16":"first","17":"instock","18":"taxable","19":"shipping-taxable","20":"purchasable","21":"product-type-simple"},"acf":[],"_links":{"self":[{"href":"https:\/\/lifee.hu\/teszt\/wp-json\/wp\/v2\/product\/83208","targetHints":{"allow":["GET"]}}],"collection":[{"href":"https:\/\/lifee.hu\/teszt\/wp-json\/wp\/v2\/product"}],"about":[{"href":"https:\/\/lifee.hu\/teszt\/wp-json\/wp\/v2\/types\/product"}],"replies":[{"embeddable":true,"href":"https:\/\/lifee.hu\/teszt\/wp-json\/wp\/v2\/comments?post=83208"}],"wp:featuredmedia":[{"embeddable":true,"href":"https:\/\/lifee.hu\/teszt\/wp-json\/wp\/v2\/media\/83212"}],"wp:attachment":[{"href":"https:\/\/lifee.hu\/teszt\/wp-json\/wp\/v2\/media?parent=83208"}],"wp:term":[{"taxonomy":"product_cat","embeddable":true,"href":"https:\/\/lifee.hu\/teszt\/wp-json\/wp\/v2\/product_cat?post=83208"},{"taxonomy":"product_tag","embeddable":true,"href":"https:\/\/lifee.hu\/teszt\/wp-json\/wp\/v2\/product_tag?post=83208"}],"curies":[{"name":"wp","href":"https:\/\/api.w.org\/{rel}","templated":true}]}}