{"id":83192,"date":"2025-01-02T21:00:37","date_gmt":"2025-01-02T20:00:37","guid":{"rendered":"https:\/\/lifee.hu\/teszt\/?post_type=product&#038;p=83192"},"modified":"2025-05-13T12:13:30","modified_gmt":"2025-05-13T10:13:30","slug":"boska-partyclette-xl","status":"publish","type":"product","link":"https:\/\/lifee.hu\/teszt\/termek\/boska-partyclette-xl\/","title":{"rendered":"Boska Partyclette\u00ae XL"},"content":{"rendered":"<p>Anyag: rozsdamentes ac\u00e9l, fa, m\u0171anyag<br \/>\nGarancia: 10 \u00e9v<br \/>\nTerm\u00e9k m\u00e9rete: 478 mm x 218 mm x 60 mm<br \/>\nM\u00e9ret csomagol\u00e1sban: 492 mm x 191 mm x 63 mm<\/p>\n<p>H\u0151forr\u00e1s: barbecue, grill<br \/>\nA term\u00e9k r\u00e9szben mosogat\u00f3g\u00e9pben tiszt\u00edthat\u00f3: t\u00e1lk\u00e1k \u00e9s spatul\u00e1k. Az alj kiz\u00e1r\u00f3lag k\u00e9zzel tiszt\u00edthat\u00f3.<\/p>\n<p>&nbsp;<\/p>\n","protected":false},"excerpt":{"rendered":"<p style=\"text-align: justify;\">A kiv\u00e9telesen nagy m\u00e9ret\u0171 Partyclette XL egy min\u0151s\u00e9gi raclette grills\u00fct\u0151, amivel k\u00f6nnyed\u00e9n elk\u00e9sz\u00edtheted a m\u00e9lt\u00e1n n\u00e9pszer\u0171 sajtos finoms\u00e1gokat, m\u00e9ghozz\u00e1 nagy mennyis\u00e9gben. Az eredetileg Sv\u00e1jcb\u00f3l sz\u00e1rmaz\u00f3, de m\u00e1ra az eg\u00e9sz vil\u00e1got megh\u00f3d\u00edt\u00f3 raclette n\u00e9pszer\u0171s\u00e9ge legink\u00e1bb a v\u00e1ltozatoss\u00e1g\u00e1ban rejlik: az olvasztott, s\u00fclt sajthoz szinte b\u00e1rmit adhatunk a k\u00fcl\u00f6nf\u00e9le z\u00f6lds\u00e9gekt\u0151l kezdve az \u00edzletes h\u00fasterm\u00e9keken \u00e1t a mennyei gy\u00fcm\u00f6lcs\u00f6kig. Ezzel az eszk\u00f6zzel egyidej\u0171leg ny\u0171g\u00f6zheted le a k\u00fcl\u00f6nb\u00f6z\u0151 \u00edzl\u00e9s\u0171 vend\u00e9geidet, legyenek ak\u00e1r h\u00fasfogyaszt\u00f3k, ak\u00e1r veget\u00e1ri\u00e1nusok. A raclette mindig j\u00f3 v\u00e1laszt\u00e1s, emeli a bulik hangulat\u00e1t. Rendeld meg webshopunkb\u00f3l a Red Dot designd\u00edjas, nyolcszem\u00e9lyes k\u00e9szletet!<\/p>\n","protected":false},"featured_media":83200,"comment_status":"open","ping_status":"closed","template":"","meta":{"_acf_changed":false,"inline_featured_image":false},"product_cat":[58,39,132],"product_tag":[73,342],"class_list":{"0":"post-83192","1":"product","2":"type-product","3":"status-publish","4":"has-post-thumbnail","6":"product_cat-konyha","7":"product_cat-talalas","8":"product_cat-vendegvaro","9":"product_tag-boska","10":"product_tag-raclette","11":"pa_marka-boska","12":"product_brand-boska","14":"first","15":"instock","16":"taxable","17":"shipping-taxable","18":"purchasable","19":"product-type-simple"},"acf":[],"_links":{"self":[{"href":"https:\/\/lifee.hu\/teszt\/wp-json\/wp\/v2\/product\/83192","targetHints":{"allow":["GET"]}}],"collection":[{"href":"https:\/\/lifee.hu\/teszt\/wp-json\/wp\/v2\/product"}],"about":[{"href":"https:\/\/lifee.hu\/teszt\/wp-json\/wp\/v2\/types\/product"}],"replies":[{"embeddable":true,"href":"https:\/\/lifee.hu\/teszt\/wp-json\/wp\/v2\/comments?post=83192"}],"wp:featuredmedia":[{"embeddable":true,"href":"https:\/\/lifee.hu\/teszt\/wp-json\/wp\/v2\/media\/83200"}],"wp:attachment":[{"href":"https:\/\/lifee.hu\/teszt\/wp-json\/wp\/v2\/media?parent=83192"}],"wp:term":[{"taxonomy":"product_cat","embeddable":true,"href":"https:\/\/lifee.hu\/teszt\/wp-json\/wp\/v2\/product_cat?post=83192"},{"taxonomy":"product_tag","embeddable":true,"href":"https:\/\/lifee.hu\/teszt\/wp-json\/wp\/v2\/product_tag?post=83192"}],"curies":[{"name":"wp","href":"https:\/\/api.w.org\/{rel}","templated":true}]}}