{"id":83182,"date":"2025-01-02T20:33:48","date_gmt":"2025-01-02T19:33:48","guid":{"rendered":"https:\/\/lifee.hu\/teszt\/?post_type=product&#038;p=83182"},"modified":"2025-05-13T12:13:30","modified_gmt":"2025-05-13T10:13:30","slug":"boska-fonduego-szett-2-db","status":"publish","type":"product","link":"https:\/\/lifee.hu\/teszt\/termek\/boska-fonduego-szett-2-db\/","title":{"rendered":"Boska fond\u00fc\u00e9g\u0151 szett (2 db)"},"content":{"rendered":"<p>Anyag: rozsdamentes ac\u00e9l<br \/>\nGarancia: 10 \u00e9v<br \/>\nTerm\u00e9k m\u00e9rete: 171 mm x 80 mm x 45 mm<br \/>\nM\u00e9ret csomagol\u00e1sban: 181 mm x 51 mm x 93 mm<\/p>\n","protected":false},"excerpt":{"rendered":"<p style=\"text-align: justify;\">A BOSKA k\u00e9tdarabos k\u00e9szlet\u00e9vel \u00f3r\u00e1kon \u00e1t melegen tarthatod az olvasztott sajtot, ami a r\u00e1\u00e9r\u0151s fond\u00fcz\u00e9s kulcsa \u2013 m\u00e1rpedig fond\u00fczni csakis kom\u00f3tosan \u00e9rdemes. Az univerz\u00e1lis tart\u00e1lyokban l\u00e9v\u0151 k\u00fcl\u00f6nleges g\u00e9l szagtalan, ami fontos szempont falatoz\u00e1s k\u00f6zben. Az eszk\u00f6z haszn\u00e1lata roppant biztons\u00e1gos, mert csak a hozz\u00e1 tartoz\u00f3 kan\u00f3ccal m\u0171k\u00f6dik, \u00f6nmag\u00e1ban a zsel\u00e9 nem k\u00e9pes belobbanni. A melegentart\u00f3 legal\u00e1bb \u00f6t \u00f3r\u00e1n \u00e1t haszn\u00e1lhat\u00f3, de t\u00f6bb alkalomra is bevetheted, mivel a kis f\u00e9mtart\u00e1lyok visszaz\u00e1rhat\u00f3k.<\/p>\n<p style=\"text-align: justify;\">A k\u00e9szlet darabjai \u00fajrahasznos\u00edtott anyagb\u00f3l k\u00e9sz\u00fcltek, \u00e9s az \u00e9letciklusuk v\u00e9g\u00e9n ism\u00e9t szelekt\u00edven gy\u0171jthet\u0151k. Haszn\u00e1ld b\u00e1tran b\u00e1rmelyik BOSKA fond\u00fctszetthez!<\/p>\n","protected":false},"featured_media":83188,"comment_status":"open","ping_status":"closed","template":"","meta":{"_acf_changed":false,"inline_featured_image":false},"product_cat":[31],"product_tag":[73,180],"class_list":{"0":"post-83182","1":"product","2":"type-product","3":"status-publish","4":"has-post-thumbnail","6":"product_cat-fondu","7":"product_tag-boska","8":"product_tag-fondu","9":"pa_marka-boska","10":"product_brand-boska","12":"first","13":"instock","14":"taxable","15":"shipping-taxable","16":"purchasable","17":"product-type-simple"},"acf":[],"_links":{"self":[{"href":"https:\/\/lifee.hu\/teszt\/wp-json\/wp\/v2\/product\/83182","targetHints":{"allow":["GET"]}}],"collection":[{"href":"https:\/\/lifee.hu\/teszt\/wp-json\/wp\/v2\/product"}],"about":[{"href":"https:\/\/lifee.hu\/teszt\/wp-json\/wp\/v2\/types\/product"}],"replies":[{"embeddable":true,"href":"https:\/\/lifee.hu\/teszt\/wp-json\/wp\/v2\/comments?post=83182"}],"wp:featuredmedia":[{"embeddable":true,"href":"https:\/\/lifee.hu\/teszt\/wp-json\/wp\/v2\/media\/83188"}],"wp:attachment":[{"href":"https:\/\/lifee.hu\/teszt\/wp-json\/wp\/v2\/media?parent=83182"}],"wp:term":[{"taxonomy":"product_cat","embeddable":true,"href":"https:\/\/lifee.hu\/teszt\/wp-json\/wp\/v2\/product_cat?post=83182"},{"taxonomy":"product_tag","embeddable":true,"href":"https:\/\/lifee.hu\/teszt\/wp-json\/wp\/v2\/product_tag?post=83182"}],"curies":[{"name":"wp","href":"https:\/\/api.w.org\/{rel}","templated":true}]}}

Boska fondüégő szett (2 db)

<p>Anyag: rozsdamentes acél<br />
Garancia: 10 év<br />
Termék mérete: 171 mm x 80 mm x 45 mm<br />
Méret csomagolásban: 181 mm x 51 mm x 93 mm</p>

<p style="text-align: justify;">A BOSKA kétdarabos készletével órákon át melegen tarthatod az olvasztott sajtot, ami a ráérős fondüzés kulcsa – márpedig fondüzni csakis komótosan érdemes. Az univerzális tartályokban lévő különleges gél szagtalan, ami fontos szempont falatozás közben. Az eszköz használata roppant biztonságos, mert csak a hozzá tartozó kanóccal működik, önmagában a zselé nem képes belobbanni. A melegentartó legalább öt órán át használható, de több alkalomra is bevetheted, mivel a kis fémtartályok visszazárhatók.</p>
<p style="text-align: justify;">A készlet darabjai újrahasznosított anyagból készültek, és az életciklusuk végén ismét szelektíven gyűjthetők. Használd bátran bármelyik BOSKA fondütszetthez!</p>
