{"id":82951,"date":"2024-12-16T22:29:55","date_gmt":"2024-12-16T21:29:55","guid":{"rendered":"https:\/\/lifee.hu\/teszt\/?post_type=product&#038;p=82951"},"modified":"2025-02-07T10:02:53","modified_gmt":"2025-02-07T09:02:53","slug":"boska-monaco-steakkes-keszlet-4-db","status":"publish","type":"product","link":"https:\/\/lifee.hu\/teszt\/termek\/boska-monaco-steakkes-keszlet-4-db\/","title":{"rendered":"Boska Monaco+ steakk\u00e9s k\u00e9szlet, 4 db"},"content":{"rendered":"<p>Anyag: rozsdamentes ac\u00e9l<br \/>\nGarancia: \u00e9letre sz\u00f3l\u00f3<br \/>\nTerm\u00e9k m\u00e9rete: 275 mm x 175 mm x 25 mm<br \/>\nM\u00e9ret csomagol\u00e1sban: 275 mm x 175 mm x 27 mm<br \/>\nA term\u00e9k kiz\u00e1r\u00f3lag k\u00e9zzel tiszt\u00edthat\u00f3.<\/p>\n<p>&nbsp;<\/p>\n","protected":false},"excerpt":{"rendered":"<p style=\"text-align: justify;\">Sz\u00fcletett h\u00fasim\u00e1d\u00f3 vagy? Ha igen, akkor a Monaco+ steak k\u00e9s k\u00f6telez\u0151 darab a konyh\u00e1dban. Ezzel a k\u00e9szlettel r\u00f6gt\u00f6n n\u00e9gy darabot is magad\u00e9nak tudhatsz, ami k\u00fcl\u00f6n\u00f6sen j\u00f3 h\u00edr, ha gyakran csaptok nagy lakom\u00e1kat. A Monaco+ steak k\u00e9ssel a h\u00fasokon t\u00fal halat \u00e9s z\u00f6lds\u00e9geket is v\u00e1ghatsz, t\u00f6k\u00e9letes \u00e9le pedig gondoskodik a t\u00f6k\u00e9letes szeletekr\u0151l. A kell\u0151 kem\u00e9nys\u00e9g\u0171 \u00e9s kifog\u00e1stalan min\u0151s\u00e9g\u0171 rozsdamentes ac\u00e9lnak k\u00f6sz\u00f6nhet\u0151en a k\u00e9s \u00e9le m\u00e1r-m\u00e1r kicsorb\u00edthatatlan, sz\u00fcks\u00e9g eset\u00e9n m\u00e9gis egyszer\u0171 az \u00e9lez\u00e9se.<br \/>\n<strong>Ne feledd:<\/strong> a cs\u00facsmin\u0151s\u00e9g\u0171 k\u00e9seket nem szabad mosogat\u00f3g\u00e9pben mosni, mert azzal cs\u00f6kkented az \u00e9l min\u0151s\u00e9g\u00e9t!<\/p>\n","protected":false},"featured_media":82952,"comment_status":"open","ping_status":"closed","template":"","meta":{"_acf_changed":false,"inline_featured_image":false},"product_cat":[35],"product_tag":[73,335,184],"class_list":{"0":"post-82951","1":"product","2":"type-product","3":"status-publish","4":"has-post-thumbnail","6":"product_cat-kes","7":"product_tag-boska","8":"product_tag-kes","9":"product_tag-monaco","10":"pa_marka-boska","12":"first","13":"instock","14":"taxable","15":"shipping-taxable","16":"purchasable","17":"product-type-simple"},"acf":[],"_links":{"self":[{"href":"https:\/\/lifee.hu\/teszt\/wp-json\/wp\/v2\/product\/82951","targetHints":{"allow":["GET"]}}],"collection":[{"href":"https:\/\/lifee.hu\/teszt\/wp-json\/wp\/v2\/product"}],"about":[{"href":"https:\/\/lifee.hu\/teszt\/wp-json\/wp\/v2\/types\/product"}],"replies":[{"embeddable":true,"href":"https:\/\/lifee.hu\/teszt\/wp-json\/wp\/v2\/comments?post=82951"}],"wp:featuredmedia":[{"embeddable":true,"href":"https:\/\/lifee.hu\/teszt\/wp-json\/wp\/v2\/media\/82952"}],"wp:attachment":[{"href":"https:\/\/lifee.hu\/teszt\/wp-json\/wp\/v2\/media?parent=82951"}],"wp:term":[{"taxonomy":"product_cat","embeddable":true,"href":"https:\/\/lifee.hu\/teszt\/wp-json\/wp\/v2\/product_cat?post=82951"},{"taxonomy":"product_tag","embeddable":true,"href":"https:\/\/lifee.hu\/teszt\/wp-json\/wp\/v2\/product_tag?post=82951"}],"curies":[{"name":"wp","href":"https:\/\/api.w.org\/{rel}","templated":true}]}}