{"id":82895,"date":"2024-12-15T22:35:26","date_gmt":"2024-12-15T21:35:26","guid":{"rendered":"https:\/\/lifee.hu\/teszt\/?post_type=product&#038;p=82895"},"modified":"2025-01-15T10:21:58","modified_gmt":"2025-01-15T09:21:58","slug":"boska-monaco-bbq-keszlet-burgerhez-es-zoldsegekhez-2-db","status":"publish","type":"product","link":"https:\/\/lifee.hu\/teszt\/termek\/boska-monaco-bbq-keszlet-burgerhez-es-zoldsegekhez-2-db\/","title":{"rendered":"Boska Monaco+ BBQ k\u00e9szlet burgerhez \u00e9s z\u00f6lds\u00e9gekhez, 2 db"},"content":{"rendered":"<p>Anyag: rozsdamentes ac\u00e9l<br \/>\nGarancia: \u00e9letre sz\u00f3l\u00f3<br \/>\nTerm\u00e9k m\u00e9rete: 350 mm x 85 mm x 70 mm<br \/>\nM\u00e9ret csomagol\u00e1sban: 380 mm x 132 mm x 50 mm<br \/>\nA BBQ eszk\u00f6z\u00f6k mosogat\u00f3g\u00e9pben moshat\u00f3k.<\/p>\n<p>&nbsp;<\/p>\n<p>&nbsp;<\/p>\n","protected":false},"excerpt":{"rendered":"<p style=\"text-align: justify;\">Nincs is fesztelenebb id\u0151t\u00f6lt\u00e9s egy j\u00f3 hangulat\u00fa, a bar\u00e1taink \u00e9s szeretteink t\u00e1rsas\u00e1g\u00e1ban elt\u00f6lt\u00f6tt, \u00edzletes vacsor\u00e1t \u00edg\u00e9r\u0151 grillez\u00e9sn\u00e9l a kertben vagy a teraszon! Hogy minden flottul menjen, a min\u0151s\u00e9gi alapanyagokon k\u00edv\u00fcl mind\u00f6ssze min\u0151s\u00e9gi eszk\u00f6z\u00f6kre lesz sz\u00fcks\u00e9ged, amiket egyszer\u0171en beszerezhetsz a web\u00e1ruh\u00e1zunkban. A Monaco+ k\u00e9tdarabos BBQ-k\u00e9szlet\u00e9vel k\u00f6nny\u0171szerrel elk\u00e9sz\u00edtheted a nat\u00far \u00e9s p\u00e1colt h\u00fasokat, \u00e9s persze az \u00edzletes z\u00f6lds\u00e9gszeleteket is. Mind a lap\u00e1t, mind a csipesz elny\u0171hetetlen, min\u0151s\u00e9gi rozsdamentes ac\u00e9lb\u00f3l k\u00e9sz\u00fclt, k\u00fcl\u00f6nleges kialak\u00edt\u00e1suknak k\u00f6sz\u00f6nhet\u0151en pedig biztos k\u00e9zzel dolgozhatsz vel\u00fck.<\/p>\n","protected":false},"featured_media":82898,"comment_status":"open","ping_status":"closed","template":"","meta":{"_acf_changed":false,"inline_featured_image":false},"product_cat":[225],"product_tag":[217,73,334,184],"class_list":{"0":"post-82895","1":"product","2":"type-product","3":"status-publish","4":"has-post-thumbnail","6":"product_cat-grill-kiegeszitok","7":"product_tag-bbq","8":"product_tag-boska","9":"product_tag-grillezes","10":"product_tag-monaco","11":"pa_marka-boska","13":"first","14":"instock","15":"taxable","16":"shipping-taxable","17":"purchasable","18":"product-type-simple"},"acf":[],"_links":{"self":[{"href":"https:\/\/lifee.hu\/teszt\/wp-json\/wp\/v2\/product\/82895","targetHints":{"allow":["GET"]}}],"collection":[{"href":"https:\/\/lifee.hu\/teszt\/wp-json\/wp\/v2\/product"}],"about":[{"href":"https:\/\/lifee.hu\/teszt\/wp-json\/wp\/v2\/types\/product"}],"replies":[{"embeddable":true,"href":"https:\/\/lifee.hu\/teszt\/wp-json\/wp\/v2\/comments?post=82895"}],"wp:featuredmedia":[{"embeddable":true,"href":"https:\/\/lifee.hu\/teszt\/wp-json\/wp\/v2\/media\/82898"}],"wp:attachment":[{"href":"https:\/\/lifee.hu\/teszt\/wp-json\/wp\/v2\/media?parent=82895"}],"wp:term":[{"taxonomy":"product_cat","embeddable":true,"href":"https:\/\/lifee.hu\/teszt\/wp-json\/wp\/v2\/product_cat?post=82895"},{"taxonomy":"product_tag","embeddable":true,"href":"https:\/\/lifee.hu\/teszt\/wp-json\/wp\/v2\/product_tag?post=82895"}],"curies":[{"name":"wp","href":"https:\/\/api.w.org\/{rel}","templated":true}]}}