{"id":82848,"date":"2024-12-15T09:05:54","date_gmt":"2024-12-15T08:05:54","guid":{"rendered":"https:\/\/lifee.hu\/teszt\/?post_type=product&#038;p=82848"},"modified":"2025-01-15T10:21:59","modified_gmt":"2025-01-15T09:21:59","slug":"boska-zester-monaco-reszelo","status":"publish","type":"product","link":"https:\/\/lifee.hu\/teszt\/termek\/boska-zester-monaco-reszelo\/","title":{"rendered":"Boska Zester Monaco+ reszel\u0151"},"content":{"rendered":"<p>Anyag: rozsdamentes ac\u00e9l<br \/>\nGarancia: \u00e9letre sz\u00f3l\u00f3<br \/>\nTerm\u00e9k m\u00e9rete: 314 mm x 38 mm x 8 mm<br \/>\nM\u00e9ret csomagol\u00e1sban: 357 mm x 80 mm x 13 mm<br \/>\nA term\u00e9k mosogat\u00f3g\u00e9pben tiszt\u00edthat\u00f3, h\u0171t\u0151be tehet\u0151.<\/p>\n","protected":false},"excerpt":{"rendered":"<p style=\"text-align: justify;\">Ha van n\u00e9mi rutinod a s\u00fct\u00e9sben-f\u0151z\u00e9sben, akkor bizony\u00e1ra tudod, hogy egyes alapanyagok val\u00f3s\u00e1gos \u00edzbombak\u00e9nt funkcion\u00e1lnak. Ezek k\u00f6z\u00e9 tartoznak a citrusf\u00e9l\u00e9k is, amelyek h\u00e9j\u00e1 l\u00e9nyeg\u00e9ben er\u0151teljes \u00edz\u0171 f\u0171szerk\u00e9nt haszn\u00e1latos. Rengeteg s\u00fctem\u00e9ny \u00e9s kr\u00e9m n\u00e9lk\u00fcl\u00f6zhetetlen \u00f6sszetev\u0151je a citrom-, lime vagy narancsh\u00e9j, de f\u0151fog\u00e1sokat \u00e9s \u00fcd\u00edt\u0151ket, kokt\u00e9lokat is felturb\u00f3zhatsz ezzel az \u00edzkoncentr\u00e1tummal. A Monaco+ professzion\u00e1lis h\u00e9jreszel\u0151je egyszer\u0171en \u00e9s hat\u00e9konyan juthatsz hozz\u00e1 ehhez a kincshez \u2013 csak \u00fcgyelj arra, hogy kezeletlen gy\u00fcm\u00f6lcs\u00f6t szerezz be!<\/p>\n","protected":false},"featured_media":82857,"comment_status":"open","ping_status":"closed","template":"","meta":{"_acf_changed":false,"inline_featured_image":false},"product_cat":[62],"product_tag":[73,331,330,332],"class_list":{"0":"post-82848","1":"product","2":"type-product","3":"status-publish","4":"has-post-thumbnail","6":"product_cat-sajtimadoknak","7":"product_tag-boska","8":"product_tag-hejreszelo","9":"product_tag-reszelo","10":"product_tag-zester","11":"pa_marka-boska","13":"first","14":"instock","15":"taxable","16":"shipping-taxable","17":"purchasable","18":"product-type-simple"},"acf":[],"_links":{"self":[{"href":"https:\/\/lifee.hu\/teszt\/wp-json\/wp\/v2\/product\/82848","targetHints":{"allow":["GET"]}}],"collection":[{"href":"https:\/\/lifee.hu\/teszt\/wp-json\/wp\/v2\/product"}],"about":[{"href":"https:\/\/lifee.hu\/teszt\/wp-json\/wp\/v2\/types\/product"}],"replies":[{"embeddable":true,"href":"https:\/\/lifee.hu\/teszt\/wp-json\/wp\/v2\/comments?post=82848"}],"wp:featuredmedia":[{"embeddable":true,"href":"https:\/\/lifee.hu\/teszt\/wp-json\/wp\/v2\/media\/82857"}],"wp:attachment":[{"href":"https:\/\/lifee.hu\/teszt\/wp-json\/wp\/v2\/media?parent=82848"}],"wp:term":[{"taxonomy":"product_cat","embeddable":true,"href":"https:\/\/lifee.hu\/teszt\/wp-json\/wp\/v2\/product_cat?post=82848"},{"taxonomy":"product_tag","embeddable":true,"href":"https:\/\/lifee.hu\/teszt\/wp-json\/wp\/v2\/product_tag?post=82848"}],"curies":[{"name":"wp","href":"https:\/\/api.w.org\/{rel}","templated":true}]}}

Boska Zester Monaco+ reszelő

<p>Anyag: rozsdamentes acél<br />
Garancia: életre szóló<br />
Termék mérete: 314 mm x 38 mm x 8 mm<br />
Méret csomagolásban: 357 mm x 80 mm x 13 mm<br />
A termék mosogatógépben tisztítható, hűtőbe tehető.</p>

<p style="text-align: justify;">Ha van némi rutinod a sütésben-főzésben, akkor bizonyára tudod, hogy egyes alapanyagok valóságos ízbombaként funkcionálnak. Ezek közé tartoznak a citrusfélék is, amelyek héjá lényegében erőteljes ízű fűszerként használatos. Rengeteg sütemény és krém nélkülözhetetlen összetevője a citrom-, lime vagy narancshéj, de főfogásokat és üdítőket, koktélokat is felturbózhatsz ezzel az ízkoncentrátummal. A Monaco+ professzionális héjreszelője egyszerűen és hatékonyan juthatsz hozzá ehhez a kincshez – csak ügyelj arra, hogy kezeletlen gyümölcsöt szerezz be!</p>
