{"id":82794,"date":"2024-12-14T06:26:38","date_gmt":"2024-12-14T05:26:38","guid":{"rendered":"https:\/\/lifee.hu\/teszt\/?post_type=product&#038;p=82794"},"modified":"2025-01-15T09:51:51","modified_gmt":"2025-01-15T08:51:51","slug":"boska-friends-talalodeszka-l-60-cm","status":"publish","type":"product","link":"https:\/\/lifee.hu\/teszt\/termek\/boska-friends-talalodeszka-l-60-cm\/","title":{"rendered":"Boska Friends t\u00e1lal\u00f3deszka L (60 cm)"},"content":{"rendered":"<p>Anyag: t\u00f6lgy<br \/>\nGarancia: 10 \u00e9v<\/p>\n<p>Term\u00e9k m\u00e9rete: 730 mm x 150 mm x 20 mm<br \/>\nM\u00e9ret csomagol\u00e1sban: 730 mm x 150 mm x 20 mm<\/p>\n<p>A term\u00e9k csak k\u00e9zzel moshat\u00f3.<\/p>\n","protected":false},"excerpt":{"rendered":"<p style=\"text-align: justify;\">Ugye te is szereted, ha a konyh\u00e1dban csupa ig\u00e9nyes, praktikus \u00e9s tart\u00f3s holmi van? A BOSKA Friends t\u00e1lal\u00f3deszk\u00e1i garant\u00e1ltan hozz\u00e1k ezeket az elv\u00e1r\u00e1sokat. Egy ilyen sz\u00e9p, eszt\u00e9tikus eszk\u00f6z\u00f6n m\u00e9g \u00ednycsikland\u00f3bbnak hatnak a finom falatok, az illatos sajtok, a mennyei m\u00e1rtogat\u00f3sok, sonk\u00e1k, z\u00f6lds\u00e9gek, gy\u00fcm\u00f6lcs\u00f6k, magvak \u2013 j\u00f3szerivel minden, amivel csak megpakolod. Az L-es m\u00e9ret\u0171 v\u00e1ltozat t\u00f6k\u00e9letes v\u00e1laszt\u00e1s egy kisebb csal\u00e1di vagy bar\u00e1ti \u00f6sszej\u00f6vetelre, de c\u00e9lszer\u0171 t\u00f6bb m\u00e9retben is beszerezned, hogy l\u00e9tsz\u00e1mt\u00f3l f\u00fcggetlen\u00fcl haszn\u00e1lhasd ezt a csodasz\u00e9p t\u00e1lal\u00f3deszk\u00e1t.<\/p>\n<p style=\"text-align: justify;\">Ne feledd: a BOSKA speci\u00e1lis olaj\u00e1val nagyon hossz\u00fa ideig meg\u0151rizhet\u0151 a fa sz\u00e9ps\u00e9ge, ez\u00e9rt \u00e9rdemes ezt az \u00e1pol\u00f3szert is beszerezned a rendel\u00e9s sor\u00e1n.<\/p>\n<p style=\"text-align: justify;\"><em>Az L m\u00e9reten t\u00fal S, M \u00e9s XL m\u00e9retben is el\u00e9rhet\u0151 az Eur\u00f3p\u00e1ban gy\u00e1rtott term\u00e9k a web\u00e1ruh\u00e1zunkban.<\/em><\/p>\n","protected":false},"featured_media":82798,"comment_status":"open","ping_status":"closed","template":"","meta":{"_acf_changed":false,"inline_featured_image":false},"product_cat":[58,39],"product_tag":[73,317,319],"class_list":{"0":"post-82794","1":"product","2":"type-product","3":"status-publish","4":"has-post-thumbnail","6":"product_cat-konyha","7":"product_cat-talalas","8":"product_tag-boska","9":"product_tag-friends","10":"product_tag-talalodeszka","11":"pa_marka-boska","13":"first","14":"instock","15":"taxable","16":"shipping-taxable","17":"purchasable","18":"product-type-simple"},"acf":[],"_links":{"self":[{"href":"https:\/\/lifee.hu\/teszt\/wp-json\/wp\/v2\/product\/82794","targetHints":{"allow":["GET"]}}],"collection":[{"href":"https:\/\/lifee.hu\/teszt\/wp-json\/wp\/v2\/product"}],"about":[{"href":"https:\/\/lifee.hu\/teszt\/wp-json\/wp\/v2\/types\/product"}],"replies":[{"embeddable":true,"href":"https:\/\/lifee.hu\/teszt\/wp-json\/wp\/v2\/comments?post=82794"}],"wp:featuredmedia":[{"embeddable":true,"href":"https:\/\/lifee.hu\/teszt\/wp-json\/wp\/v2\/media\/82798"}],"wp:attachment":[{"href":"https:\/\/lifee.hu\/teszt\/wp-json\/wp\/v2\/media?parent=82794"}],"wp:term":[{"taxonomy":"product_cat","embeddable":true,"href":"https:\/\/lifee.hu\/teszt\/wp-json\/wp\/v2\/product_cat?post=82794"},{"taxonomy":"product_tag","embeddable":true,"href":"https:\/\/lifee.hu\/teszt\/wp-json\/wp\/v2\/product_tag?post=82794"}],"curies":[{"name":"wp","href":"https:\/\/api.w.org\/{rel}","templated":true}]}}