{"id":4015,"date":"2024-08-16T18:54:41","date_gmt":"2024-08-16T16:54:41","guid":{"rendered":"https:\/\/lifee.hu\/teszt\/?post_type=product&#038;p=4015"},"modified":"2025-01-07T12:15:52","modified_gmt":"2025-01-07T11:15:52","slug":"talalodeszka-olaj-200-ml","status":"publish","type":"product","link":"https:\/\/lifee.hu\/teszt\/termek\/talalodeszka-olaj-200-ml\/","title":{"rendered":"BOSKA deszkaolaj, 200 ml"},"content":{"rendered":"","protected":false},"excerpt":{"rendered":"<p style=\"font-weight: 400; text-align: justify;\">Ha szeretn\u00e9d kimaxolni a t\u00e1lal\u00f3deszk\u00e1d \u00e9lettartam\u00e1t, akkor rendszeresen d\u00f6rzs\u00f6ld \u00e1t a webshopunkban kaphat\u00f3 speci\u00e1lis olajjal! A pump\u00e1s kiszerel\u00e9s\u0171, illat- \u00e9s \u00edzmentes olaj \u00f3vja \u00e9s \u00e1polja a f\u00e1t, \u00edgy az nem repedezik, nem foltosodik \u00e9s nem sz\u00edvja mag\u00e1ba a k\u00fcl\u00f6nf\u00e9le \u00e9telek szag\u00e1t, arom\u00e1j\u00e1t. Term\u00e9szetesen nemcsak deszka\u00e1pol\u00e1sra haszn\u00e1lhatod, hanem a k\u00e9sek, sajtszeletel\u0151k fanyel\u00e9nek \u00e9s egy\u00e9b konyhai faeszk\u00f6z\u00f6knek az \u00e1llagmeg\u00f3v\u00e1s\u00e1ra is.<\/p>\n","protected":false},"featured_media":4027,"comment_status":"open","ping_status":"closed","template":"","meta":{"_acf_changed":false,"inline_featured_image":false},"product_cat":[62],"product_tag":[213,73,126],"class_list":{"0":"post-4015","1":"product","2":"type-product","3":"status-publish","4":"has-post-thumbnail","6":"product_cat-sajtimadoknak","7":"product_tag-apolas","8":"product_tag-boska","9":"product_tag-kiegeszito","10":"pa_marka-boska","12":"first","13":"instock","14":"taxable","15":"shipping-taxable","16":"purchasable","17":"product-type-simple"},"acf":[],"_links":{"self":[{"href":"https:\/\/lifee.hu\/teszt\/wp-json\/wp\/v2\/product\/4015","targetHints":{"allow":["GET"]}}],"collection":[{"href":"https:\/\/lifee.hu\/teszt\/wp-json\/wp\/v2\/product"}],"about":[{"href":"https:\/\/lifee.hu\/teszt\/wp-json\/wp\/v2\/types\/product"}],"replies":[{"embeddable":true,"href":"https:\/\/lifee.hu\/teszt\/wp-json\/wp\/v2\/comments?post=4015"}],"wp:featuredmedia":[{"embeddable":true,"href":"https:\/\/lifee.hu\/teszt\/wp-json\/wp\/v2\/media\/4027"}],"wp:attachment":[{"href":"https:\/\/lifee.hu\/teszt\/wp-json\/wp\/v2\/media?parent=4015"}],"wp:term":[{"taxonomy":"product_cat","embeddable":true,"href":"https:\/\/lifee.hu\/teszt\/wp-json\/wp\/v2\/product_cat?post=4015"},{"taxonomy":"product_tag","embeddable":true,"href":"https:\/\/lifee.hu\/teszt\/wp-json\/wp\/v2\/product_tag?post=4015"}],"curies":[{"name":"wp","href":"https:\/\/api.w.org\/{rel}","templated":true}]}}