{"id":3681,"date":"2024-08-16T08:33:41","date_gmt":"2024-08-16T06:33:41","guid":{"rendered":"https:\/\/lifee.hu\/teszt\/?post_type=product&#038;p=3681"},"modified":"2024-11-27T10:55:58","modified_gmt":"2024-11-27T09:55:58","slug":"boska-milano-sajtreszelo","status":"publish","type":"product","link":"https:\/\/lifee.hu\/teszt\/termek\/boska-milano-sajtreszelo\/","title":{"rendered":"BOSKA Milano+ sajtreszel\u0151"},"content":{"rendered":"","protected":false},"excerpt":{"rendered":"<p style=\"font-weight: 400; text-align: justify;\">Mennyei reszelt sajttal \u00edzes\u00edten\u00e9d a t\u00e9szta\u00e9teledet, pizz\u00e1dat, sal\u00e1t\u00e1dat, szendvicsedet vagy ak\u00e1r a levesedet? Felejtsd el a bolti reszelt sajtot, voksolj ink\u00e1bb a frissre, a m\u0171velethez pedig v\u00e1laszd a BOSKA Milano+ st\u00edlusos kivitelez\u00e9s\u0171 reszel\u0151j\u00e9t, amivel csak p\u00e1r k\u00f6nnyed mozdulat az eg\u00e9sz! A k\u00e9zre es\u0151, massz\u00edv, m\u00e9gis k\u00f6nny\u0171 eszk\u00f6z f\u00e9lkem\u00e9ny \u00e9s kem\u00e9ny sajtokhoz val\u00f3, ugyanakkor ubork\u00e1t, s\u00e1rgar\u00e9p\u00e1t \u00e9s egy\u00e9b z\u00f6lds\u00e9geket is reszelhetsz vele. A reszel\u0151 rozsdamentes ac\u00e9lb\u00f3l, a ny\u00e9l m\u0171anyagb\u00f3l k\u00e9sz\u00fclt.<\/p>\n<p style=\"font-weight: 400;\">Sz\u00edn: ez\u00fcst, fekete<br \/>\nAnyag: rozsdamentes ac\u00e9l, m\u0171anyag<br \/>\nGarancia: 10 \u00e9v<br \/>\nM\u00e9ret (doboz): 284 mm x 83 mm x 10 mm<br \/>\nM\u00e9ret (term\u00e9k): 229 mm x 72 mm x 3 mm<br \/>\nA sajtreszel\u0151 mosogat\u00f3g\u00e9pben moshat\u00f3.<\/p>\n","protected":false},"featured_media":3688,"comment_status":"open","ping_status":"closed","template":"","meta":{"_acf_changed":false,"inline_featured_image":false},"product_cat":[62],"product_tag":[73,209],"class_list":{"0":"post-3681","1":"product","2":"type-product","3":"status-publish","4":"has-post-thumbnail","6":"product_cat-sajtimadoknak","7":"product_tag-boska","8":"product_tag-sajtreszelo","9":"pa_marka-boska","11":"first","12":"instock","13":"taxable","14":"shipping-taxable","15":"purchasable","16":"product-type-simple"},"acf":[],"_links":{"self":[{"href":"https:\/\/lifee.hu\/teszt\/wp-json\/wp\/v2\/product\/3681","targetHints":{"allow":["GET"]}}],"collection":[{"href":"https:\/\/lifee.hu\/teszt\/wp-json\/wp\/v2\/product"}],"about":[{"href":"https:\/\/lifee.hu\/teszt\/wp-json\/wp\/v2\/types\/product"}],"replies":[{"embeddable":true,"href":"https:\/\/lifee.hu\/teszt\/wp-json\/wp\/v2\/comments?post=3681"}],"wp:featuredmedia":[{"embeddable":true,"href":"https:\/\/lifee.hu\/teszt\/wp-json\/wp\/v2\/media\/3688"}],"wp:attachment":[{"href":"https:\/\/lifee.hu\/teszt\/wp-json\/wp\/v2\/media?parent=3681"}],"wp:term":[{"taxonomy":"product_cat","embeddable":true,"href":"https:\/\/lifee.hu\/teszt\/wp-json\/wp\/v2\/product_cat?post=3681"},{"taxonomy":"product_tag","embeddable":true,"href":"https:\/\/lifee.hu\/teszt\/wp-json\/wp\/v2\/product_tag?post=3681"}],"curies":[{"name":"wp","href":"https:\/\/api.w.org\/{rel}","templated":true}]}}