{"id":2408,"date":"2024-02-18T15:12:21","date_gmt":"2024-02-18T14:12:21","guid":{"rendered":"https:\/\/lifee.hu\/teszt\/?post_type=product&#038;p=2408"},"modified":"2024-11-27T10:55:59","modified_gmt":"2024-11-27T09:55:59","slug":"boska-kinalokeszlet","status":"publish","type":"product","link":"https:\/\/lifee.hu\/teszt\/termek\/boska-kinalokeszlet\/","title":{"rendered":"BOSKA k\u00edn\u00e1l\u00f3k\u00e9szlet"},"content":{"rendered":"","protected":false},"excerpt":{"rendered":"<p style=\"font-weight: 400;\">A BOSKA eleg\u00e1ns, letisztult, m\u00e9gis massz\u00edv \u00e9s roppant praktikus k\u00edn\u00e1l\u00f3k\u00e9szlet\u00e9nek h\u00e9tk\u00f6znapokon \u00e9s k\u00fcl\u00f6nleges alkalmakkor is nagy haszn\u00e1t veszed. T\u00e1lalhatsz benne r\u00e1gcs\u00e1lnival\u00f3t \u2013 mogyor\u00f3t, s\u00f3sperecet, drazs\u00e9t \u00e9s egy\u00e9b nyal\u00e1nks\u00e1gokat \u2013 a vend\u00e9gseregnek, de a feh\u00e9r porcel\u00e1nt\u00e1lk\u00e1kban ak\u00e1r \u00f6tf\u00e9le sz\u00f3szt is szerv\u00edrozhatsz a m\u00e1rtogat\u00f3shoz. Ak\u00e1rhogy is, ezzel a k\u00e9szlettel megadod a m\u00f3dj\u00e1t a t\u00e1lal\u00e1snak, minden vend\u00e9ged \u00e9rt\u00e9kelni fogja az ig\u00e9nyess\u00e9get. A fatart\u00f3 tetej\u00e9be p\u00e1lcik\u00e1t vagy fogv\u00e1j\u00f3t tehetsz, \u00edgy mindenki higi\u00e9nikusan falatozhat.<\/p>\n<p style=\"font-weight: 400;\">Sz\u00edn: feh\u00e9r<br \/>\nAnyag: porcel\u00e1n, t\u00f6lgyfa<br \/>\nGarancia: 10 \u00e9v<br \/>\nT\u00e1lk\u00e1k sz\u00e1ma: 5 db<br \/>\nFatart\u00f3 m\u00e9rete: 265 mm magas, 265 mm sz\u00e9les<br \/>\nS\u00faly: 1,6 kg<br \/>\nA k\u00edn\u00e1l\u00f3k\u00e9szlet csak k\u00e9zzel tiszt\u00edthat\u00f3.<\/p>\n","protected":false},"featured_media":2409,"comment_status":"open","ping_status":"closed","template":"","meta":{"_acf_changed":false,"inline_featured_image":false},"product_cat":[132],"product_tag":[73,140],"class_list":{"0":"post-2408","1":"product","2":"type-product","3":"status-publish","4":"has-post-thumbnail","6":"product_cat-vendegvaro","7":"product_tag-boska","8":"product_tag-vendegvaro","9":"pa_marka-boska","11":"first","12":"instock","13":"taxable","14":"shipping-taxable","15":"purchasable","16":"product-type-simple"},"acf":[],"_links":{"self":[{"href":"https:\/\/lifee.hu\/teszt\/wp-json\/wp\/v2\/product\/2408","targetHints":{"allow":["GET"]}}],"collection":[{"href":"https:\/\/lifee.hu\/teszt\/wp-json\/wp\/v2\/product"}],"about":[{"href":"https:\/\/lifee.hu\/teszt\/wp-json\/wp\/v2\/types\/product"}],"replies":[{"embeddable":true,"href":"https:\/\/lifee.hu\/teszt\/wp-json\/wp\/v2\/comments?post=2408"}],"wp:featuredmedia":[{"embeddable":true,"href":"https:\/\/lifee.hu\/teszt\/wp-json\/wp\/v2\/media\/2409"}],"wp:attachment":[{"href":"https:\/\/lifee.hu\/teszt\/wp-json\/wp\/v2\/media?parent=2408"}],"wp:term":[{"taxonomy":"product_cat","embeddable":true,"href":"https:\/\/lifee.hu\/teszt\/wp-json\/wp\/v2\/product_cat?post=2408"},{"taxonomy":"product_tag","embeddable":true,"href":"https:\/\/lifee.hu\/teszt\/wp-json\/wp\/v2\/product_tag?post=2408"}],"curies":[{"name":"wp","href":"https:\/\/api.w.org\/{rel}","templated":true}]}}