{"id":2372,"date":"2024-02-18T13:44:10","date_gmt":"2024-02-18T12:44:10","guid":{"rendered":"https:\/\/lifee.hu\/teszt\/?post_type=product&#038;p=2372"},"modified":"2025-02-07T10:02:53","modified_gmt":"2025-02-07T09:02:53","slug":"boska-tapas-fondu-300-ml","status":"publish","type":"product","link":"https:\/\/lifee.hu\/teszt\/termek\/boska-tapas-fondu-300-ml\/","title":{"rendered":"BOSKA tapas fond\u00fc 300 ml"},"content":{"rendered":"","protected":false},"excerpt":{"rendered":"<p style=\"font-weight: 400;\">Szeretn\u00e9d meglepni a kedvesedet egy romantikus est\u00e9vel? A BOSKA k\u00e9tszem\u00e9lyes szettj\u00e9vel t\u00f6k\u00e9letes fond\u00fct \u00e9s tapast k\u00e9sz\u00edthetsz a hangulat megalapoz\u00e1s\u00e1ra an\u00e9lk\u00fcl, hogy elf\u00e1radn\u00e1l az el\u0151k\u00e9sz\u00fcletekben. Csak v\u00e1laszd ki a kedvenc sajtjaitokat, tedd a t\u00e1lat a mikrohull\u00e1m\u00fa s\u00fct\u0151be, \u00e9s percek alatt elk\u00e9sz\u00fcl a mennyei olvasztott sajt. A t\u00f6lgyf\u00e1b\u00f3l k\u00e9sz\u00fclt tart\u00f3ba ill\u0151 team\u00e9cses melegen tartja a fond\u00fct, hogy r\u00e1\u00e9r\u0151sen falatozhassatok.<\/p>\n<p style=\"font-weight: 400;\">A k\u00e9szlet tartalma:<\/p>\n<ul>\n<li>300 ml-es fond\u00fct\u00e1l<\/li>\n<li>t\u00f6lgyfa tart\u00f3 a melegen tart\u00e1shoz<\/li>\n<li>2 db fond\u00fcvilla<\/li>\n<\/ul>\n<p style=\"font-weight: 400;\">Figyelem! A fond\u00fct\u00e1l csak mikrohull\u00e1m\u00fa s\u00fct\u0151ben haszn\u00e1lhat\u00f3. Egy\u00e9b h\u0151forr\u00e1s \u2013 p\u00e9ld\u00e1ul indukci\u00f3s vagy elektromos s\u00fct\u0151 \u2013 eset\u00e9n c\u00e9lszer\u0171 m\u00e1sik ed\u00e9nyt haszn\u00e1lni a sajtolvaszt\u00e1shoz.<\/p>\n<p style=\"font-weight: 400;\">Sz\u00edn: fekete<br \/>\nGarancia: 10 \u00e9v<br \/>\nM\u00e9ret: 120 mm magas, 145 mm sz\u00e9les<br \/>\nS\u00faly: 720 gramm<br \/>\nA fond\u00fct\u00e1l mosogat\u00f3g\u00e9pben moshat\u00f3, a vill\u00e1k \u00e9s a tart\u00f3 k\u00e9zzel tiszt\u00edthat\u00f3.<\/p>\n","protected":false},"featured_media":2377,"comment_status":"open","ping_status":"closed","template":"","meta":{"_acf_changed":false,"inline_featured_image":false},"product_cat":[31,62,132],"product_tag":[73,180],"class_list":{"0":"post-2372","1":"product","2":"type-product","3":"status-publish","4":"has-post-thumbnail","6":"product_cat-fondu","7":"product_cat-sajtimadoknak","8":"product_cat-vendegvaro","9":"product_tag-boska","10":"product_tag-fondu","11":"pa_marka-boska","13":"first","14":"instock","15":"taxable","16":"shipping-taxable","17":"purchasable","18":"product-type-simple"},"acf":[],"_links":{"self":[{"href":"https:\/\/lifee.hu\/teszt\/wp-json\/wp\/v2\/product\/2372","targetHints":{"allow":["GET"]}}],"collection":[{"href":"https:\/\/lifee.hu\/teszt\/wp-json\/wp\/v2\/product"}],"about":[{"href":"https:\/\/lifee.hu\/teszt\/wp-json\/wp\/v2\/types\/product"}],"replies":[{"embeddable":true,"href":"https:\/\/lifee.hu\/teszt\/wp-json\/wp\/v2\/comments?post=2372"}],"wp:featuredmedia":[{"embeddable":true,"href":"https:\/\/lifee.hu\/teszt\/wp-json\/wp\/v2\/media\/2377"}],"wp:attachment":[{"href":"https:\/\/lifee.hu\/teszt\/wp-json\/wp\/v2\/media?parent=2372"}],"wp:term":[{"taxonomy":"product_cat","embeddable":true,"href":"https:\/\/lifee.hu\/teszt\/wp-json\/wp\/v2\/product_cat?post=2372"},{"taxonomy":"product_tag","embeddable":true,"href":"https:\/\/lifee.hu\/teszt\/wp-json\/wp\/v2\/product_tag?post=2372"}],"curies":[{"name":"wp","href":"https:\/\/api.w.org\/{rel}","templated":true}]}}