{"id":2344,"date":"2024-02-18T12:58:52","date_gmt":"2024-02-18T11:58:52","guid":{"rendered":"https:\/\/lifee.hu\/teszt\/?post_type=product&#038;p=2344"},"modified":"2025-02-07T10:02:53","modified_gmt":"2025-02-07T09:02:53","slug":"boska-mozsar-fekete","status":"publish","type":"product","link":"https:\/\/lifee.hu\/teszt\/termek\/boska-mozsar-fekete\/","title":{"rendered":"BOSKA mozs\u00e1r, fekete"},"content":{"rendered":"","protected":false},"excerpt":{"rendered":"<p style=\"font-weight: 400;\">A k\u00fcl\u00f6nb\u00f6z\u0151 fog\u00e1sokat a f\u0171szerez\u00e9s teszi t\u00f6k\u00e9letess\u00e9, a leg\u00edzletesebb f\u0171szerez\u00e9shez pedig friss hozz\u00e1val\u00f3kat \u00e9rdemes haszn\u00e1lni. A BOSKA 550 ml-es mozs\u00e1rj\u00e1ban kedvedre \u0151r\u00f6lhetsz \u00e9s p\u00e9pes\u00edthetsz friss z\u00f6ldf\u0171szereket, por\u00edthatsz magokat, k\u00f6nny\u0171szerrel elk\u00e9sz\u00fclnek benne az arom\u00e1s f\u0171szerkever\u00e9kek \u00e9s az \u00ednycsikland\u00f3 sal\u00e1ta-, t\u00e9szta- \u00e9s h\u00fas\u00f6ntetek, de ak\u00e1r fokhagymaz\u00faz\u00e1shoz is bevetheted \u2013 hogy milyen \u00f6sszetev\u0151kb\u0151l nyered ki a mozs\u00e1rral az \u00edzeket, annak csak a k\u00e9pzeleted szab hat\u00e1rt.<\/p>\n<p style=\"font-weight: 400;\">Sz\u00edn: fekete<br \/>\nAnyag: gr\u00e1nit<br \/>\nGarancia: \u00e9letre sz\u00f3l\u00f3<br \/>\nM\u00e9ret (dobozban): 175 mm x 175 mm x 100 mm<br \/>\nS\u00faly: 3,94 kg<br \/>\nA mozs\u00e1r csak k\u00e9zzel tiszt\u00edthat\u00f3.<\/p>\n","protected":false},"featured_media":2346,"comment_status":"open","ping_status":"closed","template":"","meta":{"_acf_changed":false,"inline_featured_image":false},"product_cat":[58,132],"product_tag":[73,195],"class_list":{"0":"post-2344","1":"product","2":"type-product","3":"status-publish","4":"has-post-thumbnail","6":"product_cat-konyha","7":"product_cat-vendegvaro","8":"product_tag-boska","9":"product_tag-mozsar","10":"pa_marka-boska","12":"first","13":"instock","14":"taxable","15":"shipping-taxable","16":"purchasable","17":"product-type-simple"},"acf":[],"_links":{"self":[{"href":"https:\/\/lifee.hu\/teszt\/wp-json\/wp\/v2\/product\/2344","targetHints":{"allow":["GET"]}}],"collection":[{"href":"https:\/\/lifee.hu\/teszt\/wp-json\/wp\/v2\/product"}],"about":[{"href":"https:\/\/lifee.hu\/teszt\/wp-json\/wp\/v2\/types\/product"}],"replies":[{"embeddable":true,"href":"https:\/\/lifee.hu\/teszt\/wp-json\/wp\/v2\/comments?post=2344"}],"wp:featuredmedia":[{"embeddable":true,"href":"https:\/\/lifee.hu\/teszt\/wp-json\/wp\/v2\/media\/2346"}],"wp:attachment":[{"href":"https:\/\/lifee.hu\/teszt\/wp-json\/wp\/v2\/media?parent=2344"}],"wp:term":[{"taxonomy":"product_cat","embeddable":true,"href":"https:\/\/lifee.hu\/teszt\/wp-json\/wp\/v2\/product_cat?post=2344"},{"taxonomy":"product_tag","embeddable":true,"href":"https:\/\/lifee.hu\/teszt\/wp-json\/wp\/v2\/product_tag?post=2344"}],"curies":[{"name":"wp","href":"https:\/\/api.w.org\/{rel}","templated":true}]}}