{"id":2270,"date":"2024-02-17T07:56:23","date_gmt":"2024-02-17T06:56:23","guid":{"rendered":"https:\/\/lifee.hu\/teszt\/?post_type=product&#038;p=2270"},"modified":"2024-11-27T10:56:00","modified_gmt":"2024-11-27T09:56:00","slug":"boska-drot-sajtszeletelo-monaco","status":"publish","type":"product","link":"https:\/\/lifee.hu\/teszt\/termek\/boska-drot-sajtszeletelo-monaco\/","title":{"rendered":"BOSKA Monaco+ h\u00faros sajtszeletel\u0151"},"content":{"rendered":"","protected":false},"excerpt":{"rendered":"<p style=\"font-weight: 400;\">Ha t\u00f6k\u00e9letes sajtszeletekre van sz\u00fcks\u00e9ged a kifog\u00e1stalan t\u00e1lal\u00e1shoz, akkor \u00e9rdemes beszerezned egy BOSKA h\u00faros sajtszeletel\u0151t, amivel l\u00e1gy, f\u00e9lkem\u00e9ny \u00e9s kem\u00e9ny sajtokat egyar\u00e1nt szeletelhetsz. Nagy el\u0151nye a hagyom\u00e1nyos eszk\u00f6z\u00f6kh\u00f6z k\u00e9pest az \u00e1ll\u00edthat\u00f3s\u00e1ga, \u00edgy v\u00e9konyabb \u00e9s vastagabb szeleteket is var\u00e1zsolhatsz vele a szendvicsekhez, pizz\u00e1khoz \u00e9s m\u00e1s fog\u00e1sokhoz, vagy \u00e9ppen egy kellemes borozgat\u00e1shoz. Ne agg\u00f3dj, a sajtszeletel\u0151 haszn\u00e1lata teljesen biztons\u00e1gos, akkor sem okoz s\u00e9r\u00fcl\u00e9st, ha v\u00e9letlen\u00fcl megcs\u00faszna a kezedben!<\/p>\n<p style=\"font-weight: 400;\">Anyag: m\u0171anyag \u00e9s rozsdamentes ac\u00e9l<br \/>\nGarancia: \u00e9letre sz\u00f3l\u00f3<br \/>\nM\u00e9ret: 245 mm x 110 mm x 9mm<br \/>\nS\u00faly: 150 gramm<br \/>\nA term\u00e9k csak k\u00e9zzel moshat\u00f3.<\/p>\n","protected":false},"featured_media":2271,"comment_status":"open","ping_status":"closed","template":"","meta":{"_acf_changed":false,"inline_featured_image":false},"product_cat":[62],"product_tag":[73,182],"class_list":{"0":"post-2270","1":"product","2":"type-product","3":"status-publish","4":"has-post-thumbnail","6":"product_cat-sajtimadoknak","7":"product_tag-boska","8":"product_tag-sajtszeletelo","9":"pa_marka-boska","11":"first","12":"instock","13":"taxable","14":"shipping-taxable","15":"purchasable","16":"product-type-simple"},"acf":[],"_links":{"self":[{"href":"https:\/\/lifee.hu\/teszt\/wp-json\/wp\/v2\/product\/2270","targetHints":{"allow":["GET"]}}],"collection":[{"href":"https:\/\/lifee.hu\/teszt\/wp-json\/wp\/v2\/product"}],"about":[{"href":"https:\/\/lifee.hu\/teszt\/wp-json\/wp\/v2\/types\/product"}],"replies":[{"embeddable":true,"href":"https:\/\/lifee.hu\/teszt\/wp-json\/wp\/v2\/comments?post=2270"}],"wp:featuredmedia":[{"embeddable":true,"href":"https:\/\/lifee.hu\/teszt\/wp-json\/wp\/v2\/media\/2271"}],"wp:attachment":[{"href":"https:\/\/lifee.hu\/teszt\/wp-json\/wp\/v2\/media?parent=2270"}],"wp:term":[{"taxonomy":"product_cat","embeddable":true,"href":"https:\/\/lifee.hu\/teszt\/wp-json\/wp\/v2\/product_cat?post=2270"},{"taxonomy":"product_tag","embeddable":true,"href":"https:\/\/lifee.hu\/teszt\/wp-json\/wp\/v2\/product_tag?post=2270"}],"curies":[{"name":"wp","href":"https:\/\/api.w.org\/{rel}","templated":true}]}}