{"id":2252,"date":"2024-02-16T22:21:36","date_gmt":"2024-02-16T21:21:36","guid":{"rendered":"https:\/\/lifee.hu\/teszt\/?post_type=product&#038;p=2252"},"modified":"2025-01-06T16:42:14","modified_gmt":"2025-01-06T15:42:14","slug":"boska-parmezan-sajtszeletelo-monaco","status":"publish","type":"product","link":"https:\/\/lifee.hu\/teszt\/termek\/boska-parmezan-sajtszeletelo-monaco\/","title":{"rendered":"BOSKA Monaco+ parmez\u00e1n sajtszeletel\u0151"},"content":{"rendered":"","protected":false},"excerpt":{"rendered":"<p style=\"font-weight: 400;\">Szinte b\u00e1rmilyen olaszos \u00e9telt megbolond\u00edthatsz egy kis parmez\u00e1nforg\u00e1ccsal, \u00e9s csaknem b\u00e1rmilyen fog\u00e1st d\u00edsz\u00edthetsz n\u00e9mi v\u00e9konyan szelt z\u00f6lds\u00e9ggel. A BOSKA pr\u00e9miummin\u0151s\u00e9g\u0171 Monaco+ term\u00e9kcsal\u00e1dj\u00e1ba tartoz\u00f3 sajtszeletel\u0151 m\u00e9g a legkem\u00e9nyebb sajtokkal is megbirk\u00f3zik, a friss z\u00f6lds\u00e9gekb\u0151l pedig k\u00f6nny\u0171szerrel v\u00e1g t\u00f6k\u00e9letes szeleteket \u2013 de hogy milyen vastags\u00e1g\u00faakat, az csak rajtad m\u00falik, ugyanis ez a konyhai eszk\u00f6z \u00e1ll\u00edthat\u00f3.<\/p>\n<p style=\"font-weight: 400;\">Anyag: rozsdamentes ac\u00e9l<br \/>\nGarancia: \u00e9letre sz\u00f3l\u00f3<br \/>\nM\u00e9ret: 210 mm x 80 mm x 19 mm<br \/>\nM\u00e9ret (csomagol\u00e1sban): 290 mm x 100 mm x 20 mm<br \/>\nS\u00faly: 156 gramm<br \/>\nA term\u00e9k mosogat\u00f3g\u00e9pben moshat\u00f3.<\/p>\n","protected":false},"featured_media":2261,"comment_status":"open","ping_status":"closed","template":"","meta":{"_acf_changed":false,"inline_featured_image":false},"product_cat":[62],"product_tag":[73,186,182],"class_list":{"0":"post-2252","1":"product","2":"type-product","3":"status-publish","4":"has-post-thumbnail","6":"product_cat-sajtimadoknak","7":"product_tag-boska","8":"product_tag-parmezan","9":"product_tag-sajtszeletelo","10":"pa_marka-boska","12":"first","13":"instock","14":"taxable","15":"shipping-taxable","16":"purchasable","17":"product-type-simple"},"acf":[],"_links":{"self":[{"href":"https:\/\/lifee.hu\/teszt\/wp-json\/wp\/v2\/product\/2252","targetHints":{"allow":["GET"]}}],"collection":[{"href":"https:\/\/lifee.hu\/teszt\/wp-json\/wp\/v2\/product"}],"about":[{"href":"https:\/\/lifee.hu\/teszt\/wp-json\/wp\/v2\/types\/product"}],"replies":[{"embeddable":true,"href":"https:\/\/lifee.hu\/teszt\/wp-json\/wp\/v2\/comments?post=2252"}],"wp:featuredmedia":[{"embeddable":true,"href":"https:\/\/lifee.hu\/teszt\/wp-json\/wp\/v2\/media\/2261"}],"wp:attachment":[{"href":"https:\/\/lifee.hu\/teszt\/wp-json\/wp\/v2\/media?parent=2252"}],"wp:term":[{"taxonomy":"product_cat","embeddable":true,"href":"https:\/\/lifee.hu\/teszt\/wp-json\/wp\/v2\/product_cat?post=2252"},{"taxonomy":"product_tag","embeddable":true,"href":"https:\/\/lifee.hu\/teszt\/wp-json\/wp\/v2\/product_tag?post=2252"}],"curies":[{"name":"wp","href":"https:\/\/api.w.org\/{rel}","templated":true}]}}