{"id":2228,"date":"2024-02-14T22:17:34","date_gmt":"2024-02-14T21:17:34","guid":{"rendered":"https:\/\/lifee.hu\/teszt\/?post_type=product&#038;p=2228"},"modified":"2024-12-31T10:34:33","modified_gmt":"2024-12-31T09:34:33","slug":"boska-sajtfondu-800-ml-feher","status":"publish","type":"product","link":"https:\/\/lifee.hu\/teszt\/termek\/boska-sajtfondu-800-ml-feher\/","title":{"rendered":"BOSKA sajtfond\u00fc 800 ml, feh\u00e9r"},"content":{"rendered":"<p>Sz\u00edn: feh\u00e9r<br \/>\nAnyag: ker\u00e1mia, \u00f6nt\u00f6ttvas<br \/>\nGarancia: 10 \u00e9v<br \/>\nM\u00e9ret (tart\u00f3val): 140 mm magas, 170 mm sz\u00e9les<br \/>\n\u00c1tm\u00e9r\u0151 (ed\u00e9ny): 150 mm<br \/>\nS\u00faly: 1,45 kg<br \/>\nA ker\u00e1miaed\u00e9ny mosogat\u00f3g\u00e9pbe, mikrohull\u00e1m\u00fa s\u00fct\u0151be, s\u00fct\u0151be \u00e9s h\u0171t\u0151be is tehet\u0151.<\/p>\n","protected":false},"excerpt":{"rendered":"<p style=\"font-weight: 400; text-align: justify;\">Ha a t\u00f6k\u00e9letes \u00edzvil\u00e1g mellett az \u00e9telek eszt\u00e9tikus t\u00e1lal\u00e1sa is fontos sz\u00e1modra, akkor a BOSKA eleg\u00e1ns ker\u00e1mia s\u00fct\u0151ed\u00e9nye nem hi\u00e1nyozhat a konyh\u00e1db\u00f3l. Legyen sz\u00f3 mac and cheese-r\u0151l, rakott krumplir\u00f3l vagy b\u00e1rmilyen cs\u0151ben s\u00fclt fog\u00e1sr\u00f3l, ez a ker\u00e1miaed\u00e9ny nemcsak az \u00e9tel egyszer\u0171 elk\u00e9sz\u00edt\u00e9s\u00e9re, hanem gy\u00f6ny\u00f6r\u0171 szerv\u00edroz\u00e1s\u00e1ra is remek v\u00e1laszt\u00e1s, \u00e9s \u00edgy van ez a csal\u00e1di, bar\u00e1ti \u00f6sszej\u00f6veteleken nagy n\u00e9pszer\u0171s\u00e9gnek \u00f6rvend\u0151 sajtfond\u00fct illet\u0151en is.<\/p>\n<p style=\"font-weight: 400; text-align: justify;\">A min\u0151s\u00e9gi alapanyagok haszn\u00e1lat\u00e1n \u00e9s az eszt\u00e9tikus kivitelez\u00e9sen t\u00fal a BOSKA term\u00e9keire a praktikum is jellemz\u0151: a ker\u00e1miat\u00e1lhoz egy \u00f6nt\u00f6ttvasb\u00f3l k\u00e9sz\u00fclt alj is tartozik, amire h\u00e1rom m\u00e9csest helyezhetsz el az \u00e9tel melegen tart\u00e1s\u00e1hoz, ha pedig k\u00e9s\u0151bbre is marad a finom fog\u00e1sb\u00f3l, fed\u0151vel lez\u00e1rva teheted az ed\u00e9nyt a h\u0171t\u0151be.<\/p>\n","protected":false},"featured_media":2229,"comment_status":"open","ping_status":"closed","template":"","meta":{"_acf_changed":false,"inline_featured_image":false},"product_cat":[31,62],"product_tag":[73,180,75],"class_list":{"0":"post-2228","1":"product","2":"type-product","3":"status-publish","4":"has-post-thumbnail","6":"product_cat-fondu","7":"product_cat-sajtimadoknak","8":"product_tag-boska","9":"product_tag-fondu","10":"product_tag-sajt","11":"pa_marka-boska","13":"first","14":"instock","15":"taxable","16":"shipping-taxable","17":"purchasable","18":"product-type-simple"},"acf":[],"_links":{"self":[{"href":"https:\/\/lifee.hu\/teszt\/wp-json\/wp\/v2\/product\/2228","targetHints":{"allow":["GET"]}}],"collection":[{"href":"https:\/\/lifee.hu\/teszt\/wp-json\/wp\/v2\/product"}],"about":[{"href":"https:\/\/lifee.hu\/teszt\/wp-json\/wp\/v2\/types\/product"}],"replies":[{"embeddable":true,"href":"https:\/\/lifee.hu\/teszt\/wp-json\/wp\/v2\/comments?post=2228"}],"wp:featuredmedia":[{"embeddable":true,"href":"https:\/\/lifee.hu\/teszt\/wp-json\/wp\/v2\/media\/2229"}],"wp:attachment":[{"href":"https:\/\/lifee.hu\/teszt\/wp-json\/wp\/v2\/media?parent=2228"}],"wp:term":[{"taxonomy":"product_cat","embeddable":true,"href":"https:\/\/lifee.hu\/teszt\/wp-json\/wp\/v2\/product_cat?post=2228"},{"taxonomy":"product_tag","embeddable":true,"href":"https:\/\/lifee.hu\/teszt\/wp-json\/wp\/v2\/product_tag?post=2228"}],"curies":[{"name":"wp","href":"https:\/\/api.w.org\/{rel}","templated":true}]}}

BOSKA sajtfondü 800 ml, fehér

<p>Szín: fehér<br />
Anyag: kerámia, öntöttvas<br />
Garancia: 10 év<br />
Méret (tartóval): 140 mm magas, 170 mm széles<br />
Átmérő (edény): 150 mm<br />
Súly: 1,45 kg<br />
A kerámiaedény mosogatógépbe, mikrohullámú sütőbe, sütőbe és hűtőbe is tehető.</p>

<p style="font-weight: 400; text-align: justify;">Ha a tökéletes ízvilág mellett az ételek esztétikus tálalása is fontos számodra, akkor a BOSKA elegáns kerámia sütőedénye nem hiányozhat a konyhádból. Legyen szó mac and cheese-ről, rakott krumpliról vagy bármilyen csőben sült fogásról, ez a kerámiaedény nemcsak az étel egyszerű elkészítésére, hanem gyönyörű szervírozására is remek választás, és így van ez a családi, baráti összejöveteleken nagy népszerűségnek örvendő sajtfondüt illetően is.</p>
<p style="font-weight: 400; text-align: justify;">A minőségi alapanyagok használatán és az esztétikus kivitelezésen túl a BOSKA termékeire a praktikum is jellemző: a kerámiatálhoz egy öntöttvasból készült alj is tartozik, amire három mécsest helyezhetsz el az étel melegen tartásához, ha pedig későbbre is marad a finom fogásból, fedővel lezárva teheted az edényt a hűtőbe.</p>
