{"id":1789,"date":"2023-06-17T06:31:13","date_gmt":"2023-06-17T04:31:13","guid":{"rendered":"https:\/\/lifee.hu\/teszt\/?post_type=product&#038;p=1789"},"modified":"2025-05-13T12:12:33","modified_gmt":"2025-05-13T10:12:33","slug":"deluxehomeart-valosaghu-led-gyertya-75x15-cm-feher","status":"publish","type":"product","link":"https:\/\/lifee.hu\/teszt\/termek\/deluxehomeart-valosaghu-led-gyertya-75x15-cm-feher\/","title":{"rendered":"DeluxeHomeart val\u00f3s\u00e1gh\u0171 LED gyertya 7,5\u00d715 cm, feh\u00e9r"},"content":{"rendered":"","protected":false},"excerpt":{"rendered":"<p>A Deluxe Homeart gy\u00f6ny\u00f6r\u0171 LED-gyerty\u00e1ja nagyszer\u0171 alternat\u00edv\u00e1t jelent a val\u00f3di gyertya helyett. A 100%-ban val\u00f3di sztearinb\u00f3l k\u00e9sz\u00fclt kiv\u00e1l\u00f3 min\u0151s\u00e9g\u0171 gyertya megt\u00e9veszt\u0151en val\u00f3s\u00e1gosnak t\u0171nik a diz\u00e1jnv\u00e9dett \u201cviaszt\u00fckr\u00e9nek\u201d \u00e9s a term\u00e9szetes megjelen\u00e9s\u0171 kan\u00f3cnak k\u00f6sz\u00f6nhet\u0151en. A t\u00fck\u00f6r \u00fagy n\u00e9z ki, mint az olvadt foly\u00e9kony viasz. A nemes megjelen\u00e9s nem utols\u00f3sorban a b\u00e1rsonyosan puha tapint\u00e1s\u00fa fel\u00fcletnek k\u00f6sz\u00f6nhet\u0151. Ez a LED gyertya t\u00f6k\u00e9letes asztald\u00edsznek, l\u00e1mp\u00e1sban, teraszon, erk\u00e9lyen. Nem sz\u00e1m\u00edt, hov\u00e1 helyezi el a gyerty\u00e1t, k\u00fcl\u00f6nleges, romantikus \u00e9s meghitt hangulatot var\u00e1zsol.<br \/>\nOpcion\u00e1lis tartoz\u00e9kk\u00e9nt megv\u00e1s\u00e1rolhat\u00f3 hozz\u00e1 a t\u00e1vir\u00e1ny\u00edt\u00f3, amellyel n\u00e9gy k\u00fcl\u00f6nb\u00f6z\u0151 id\u0151z\u00edt\u0151 funkci\u00f3 (2, 4, 6 vagy 8 \u00f3ra) \u00e1ll\u00edthat\u00f3 be a gyerty\u00e1hoz. A t\u00e1vir\u00e1ny\u00edt\u00f3val be\u00e1ll\u00edthat\u00f3 a l\u00e1ng intenzit\u00e1sa, \u00e9s lehet\u0151v\u00e9 teszi t\u00f6bb gyertya be- \u00e9s kikapcsol\u00e1s\u00e1t egyszerre. A gyertya t\u00e1vir\u00e1ny\u00edt\u00f3 n\u00e9lk\u00fcl is be- \u00e9s kikapcsolhat\u00f3.<br \/>\nKombin\u00e1lja a k\u00fcl\u00f6nb\u00f6z\u0151 m\u00e9ret\u0171 Deluxe Homeart belt\u00e9ri LED gyerty\u00e1kat az extra gy\u00f6ny\u00f6r\u0171 hat\u00e1s \u00e9rdek\u00e9ben, legyen az otthoni dekor\u00e1ci\u00f3 r\u00e9sze, \u00e9s \u00e9lvezze eg\u00e9sz \u00e9vben.<\/p>\n<p>M\u00e9ret: \u00d87,5 x 15 cm<br \/>\nAnyag: viasz<br \/>\nSz\u00edn: feh\u00e9r<br \/>\nM\u0171k\u00f6d\u00e9s: 2 db AA elem (nem tartoz\u00e9k)<br \/>\n\u00c9g\u00e9si id\u0151: 400 \u00f3ra<br \/>\nT\u00e1vir\u00e1ny\u00edt\u00f3: nem tartoz\u00e9k, k\u00fcl\u00f6n megv\u00e1s\u00e1rolhat\u00f3!<\/p>\n","protected":false},"featured_media":1790,"comment_status":"open","ping_status":"closed","template":"","meta":{"_acf_changed":false,"inline_featured_image":false},"product_cat":[43],"product_tag":[162,156,158,160],"class_list":{"0":"post-1789","1":"product","2":"type-product","3":"status-publish","4":"has-post-thumbnail","6":"product_cat-gyertya","7":"product_tag-belteri","8":"product_tag-deluxehomeart","9":"product_tag-gyertya","10":"product_tag-led","11":"pa_marka-deluxehomeart","12":"product_brand-deluxehomeart","14":"first","15":"instock","16":"taxable","17":"shipping-taxable","18":"purchasable","19":"product-type-simple"},"acf":[],"_links":{"self":[{"href":"https:\/\/lifee.hu\/teszt\/wp-json\/wp\/v2\/product\/1789","targetHints":{"allow":["GET"]}}],"collection":[{"href":"https:\/\/lifee.hu\/teszt\/wp-json\/wp\/v2\/product"}],"about":[{"href":"https:\/\/lifee.hu\/teszt\/wp-json\/wp\/v2\/types\/product"}],"replies":[{"embeddable":true,"href":"https:\/\/lifee.hu\/teszt\/wp-json\/wp\/v2\/comments?post=1789"}],"wp:featuredmedia":[{"embeddable":true,"href":"https:\/\/lifee.hu\/teszt\/wp-json\/wp\/v2\/media\/1790"}],"wp:attachment":[{"href":"https:\/\/lifee.hu\/teszt\/wp-json\/wp\/v2\/media?parent=1789"}],"wp:term":[{"taxonomy":"product_cat","embeddable":true,"href":"https:\/\/lifee.hu\/teszt\/wp-json\/wp\/v2\/product_cat?post=1789"},{"taxonomy":"product_tag","embeddable":true,"href":"https:\/\/lifee.hu\/teszt\/wp-json\/wp\/v2\/product_tag?post=1789"}],"curies":[{"name":"wp","href":"https:\/\/api.w.org\/{rel}","templated":true}]}}