{"id":1646,"date":"2023-06-11T19:40:23","date_gmt":"2023-06-11T17:40:23","guid":{"rendered":"https:\/\/lifee.hu\/teszt\/?post_type=product&#038;p=1646"},"modified":"2025-05-13T12:12:34","modified_gmt":"2025-05-13T10:12:34","slug":"deluxehomeart-led-kulteri-gyertya-75x125cm-feher","status":"publish","type":"product","link":"https:\/\/lifee.hu\/teszt\/termek\/deluxehomeart-led-kulteri-gyertya-75x125cm-feher\/","title":{"rendered":"DeluxeHomeart val\u00f3s\u00e1gh\u0171 LED k\u00fclt\u00e9ri gyertya 7,5&#215;12,5cm, feh\u00e9r"},"content":{"rendered":"","protected":false},"excerpt":{"rendered":"<p style=\"font-weight: 400;\">A Deluxe Homeart gy\u00f6ny\u00f6r\u0171 LED-gyerty\u00e1ja nagyszer\u0171 alternat\u00edv\u00e1t jelent a val\u00f3di gyertya helyett. A kiv\u00e1l\u00f3 min\u0151s\u00e9g\u0171 gyertya megt\u00e9veszt\u0151en val\u00f3s\u00e1gosnak t\u0171nik a diz\u00e1jnv\u00e9dett &#8222;viaszt\u00fckr\u00e9nek&#8221; \u00e9s a term\u00e9szetes megjelen\u00e9s\u0171 kan\u00f3cnak k\u00f6sz\u00f6nhet\u0151en. A t\u00fck\u00f6r \u00fagy n\u00e9z ki, mint az olvadt foly\u00e9kony viasz. Ez a k\u00fclt\u00e9ri LED gyertya t\u00f6k\u00e9letes kieg\u00e9sz\u00edt\u0151je a ny\u00e1ri kerti vacsor\u00e1knak, \u00f6sszej\u00f6veteleknek. A LED m\u0171anyag gyertya manu\u00e1lisan be- \u00e9s kikapcsolhat\u00f3. A kapcsol\u00f3t burkolat v\u00e9di, \u00edgy telesen v\u00edz\u00e1ll\u00f3.<br \/>\nOpcion\u00e1lis tartoz\u00e9kk\u00e9nt megv\u00e1s\u00e1rolhat\u00f3 hozz\u00e1 a t\u00e1vir\u00e1ny\u00edt\u00f3, amellyel n\u00e9gy k\u00fcl\u00f6nb\u00f6z\u0151 id\u0151z\u00edt\u0151 funkci\u00f3 (2, 4, 6 vagy 8 \u00f3ra) haszn\u00e1lhat\u00f3 a gyerty\u00e1hoz. Ez lehet\u0151v\u00e9 teszi t\u00f6bb gyertya be- \u00e9s kikapcsol\u00e1s\u00e1t egyszerre, \u00e9s a l\u00e1ng intenzit\u00e1s\u00e1nak a be\u00e1ll\u00edt\u00e1s\u00e1t is.<br \/>\nA k\u00fclt\u00e9ri gyertya 2 db C elemmel m\u0171k\u00f6dik. A szabv\u00e1nyos elemek nagy teljes\u00edtm\u00e9ny\u0171ek, \u00edgy a gyertya ak\u00e1r 1500 \u00f3r\u00e1t is kitart, t\u00f6bb h\u00f3napig napi id\u0151z\u00edt\u0151vel (az opcion\u00e1lis t\u00e1vir\u00e1ny\u00edt\u00f3val kapcsolhat\u00f3).<\/p>\n<p style=\"font-weight: 400;\">M\u00e9ret: \u00d87,5 x 12,5 cm<br \/>\nAnyag: m\u0171anyag, h\u0151\u00e1ll\u00f3<br \/>\nSz\u00edn: feh\u00e9r<br \/>\nM\u0171k\u00f6d\u00e9s: 2 db C elem (nem tartoz\u00e9k)<br \/>\n\u00c9g\u00e9si id\u0151: 1500 \u00f3ra<br \/>\nT\u00e1vir\u00e1ny\u00edt\u00f3: nem tartoz\u00e9k, k\u00fcl\u00f6n megv\u00e1s\u00e1rolhat\u00f3!<\/p>\n","protected":false},"featured_media":1788,"comment_status":"open","ping_status":"closed","template":"","meta":{"_acf_changed":false,"inline_featured_image":false},"product_cat":[43,71],"product_tag":[156,158,164,160],"class_list":{"0":"post-1646","1":"product","2":"type-product","3":"status-publish","4":"has-post-thumbnail","6":"product_cat-gyertya","7":"product_cat-kulteri-gyertya","8":"product_tag-deluxehomeart","9":"product_tag-gyertya","10":"product_tag-kulteri","11":"product_tag-led","12":"pa_marka-deluxehomeart","13":"product_brand-deluxehomeart","15":"first","16":"instock","17":"taxable","18":"shipping-taxable","19":"purchasable","20":"product-type-simple"},"acf":[],"_links":{"self":[{"href":"https:\/\/lifee.hu\/teszt\/wp-json\/wp\/v2\/product\/1646","targetHints":{"allow":["GET"]}}],"collection":[{"href":"https:\/\/lifee.hu\/teszt\/wp-json\/wp\/v2\/product"}],"about":[{"href":"https:\/\/lifee.hu\/teszt\/wp-json\/wp\/v2\/types\/product"}],"replies":[{"embeddable":true,"href":"https:\/\/lifee.hu\/teszt\/wp-json\/wp\/v2\/comments?post=1646"}],"wp:featuredmedia":[{"embeddable":true,"href":"https:\/\/lifee.hu\/teszt\/wp-json\/wp\/v2\/media\/1788"}],"wp:attachment":[{"href":"https:\/\/lifee.hu\/teszt\/wp-json\/wp\/v2\/media?parent=1646"}],"wp:term":[{"taxonomy":"product_cat","embeddable":true,"href":"https:\/\/lifee.hu\/teszt\/wp-json\/wp\/v2\/product_cat?post=1646"},{"taxonomy":"product_tag","embeddable":true,"href":"https:\/\/lifee.hu\/teszt\/wp-json\/wp\/v2\/product_tag?post=1646"}],"curies":[{"name":"wp","href":"https:\/\/api.w.org\/{rel}","templated":true}]}}