{"id":1635,"date":"2023-06-11T06:58:30","date_gmt":"2023-06-11T04:58:30","guid":{"rendered":"https:\/\/lifee.hu\/teszt\/?post_type=product&#038;p=1635"},"modified":"2025-05-13T12:07:43","modified_gmt":"2025-05-13T10:07:43","slug":"gusta-pizzakeszlet-5-db-os","status":"publish","type":"product","link":"https:\/\/lifee.hu\/teszt\/termek\/gusta-pizzakeszlet-5-db-os\/","title":{"rendered":"GUSTA pizzak\u00e9szlet 5 db-os"},"content":{"rendered":"","protected":false},"excerpt":{"rendered":"<p style=\"font-weight: 400;\">B\u00e1r a pizz\u00e1t pap\u00edrdobozb\u00f3l, k\u00e9zzel enni sem k\u00ednos \u2013 gondolj csak a mindig \u00e9hes tiniseregre, akik az ottalv\u00f3s bulikra rendelik h\u00e1zhoz a legn\u00e9pszer\u0171bb olasz \u00e9telt, \u00e9s r\u00f6gt\u00f6n nekiesnek \u2013, ennek is megvan a maga kifinomult, eleg\u00e1ns m\u00f3dja: a GUSTA pizzak\u00e9szlet\u00e9vel m\u00e9g ez a fog\u00e1s is meg\u00e1llja a hely\u00e9t az \u00fcnnep\u00e9lyesebb alkalmakkor \u00e9s a meghitt vas\u00e1rnapi eb\u00e9deken. A st\u00edlusosan pizzalap\u00e1tot id\u00e9z\u0151 ak\u00e1ct\u00e1lal\u00f3hoz n\u00e9gy egyszer\u0171s\u00e9g\u00e9ben is csodasz\u00e9p t\u00e1ny\u00e9r j\u00e1r, \u00edgy a GUSTA term\u00e9ke m\u00e9g ig\u00e9nyes aj\u00e1nd\u00e9knak is t\u00f6k\u00e9letes v\u00e1laszt\u00e1s a pizzaim\u00e1d\u00f3k sz\u00e1m\u00e1ra.<\/p>\n<p>A k\u00e9szlet tartalma:<br \/>\n&#8211; 1 pizzat\u00e1lal\u00f3<br \/>\n&#8211; 4 t\u00e1ny\u00e9r (\u00d8 20 cm)<\/p>\n<p>Sz\u00edn: feh\u00e9r, fa<br \/>\nAnyag: ker\u00e1mia, ak\u00e1cfa<br \/>\nM\u00e9ret (doboz): 470 mm x 330 mm x 50 mm<br \/>\nS\u00faly: 1200 gramm<br \/>\nA t\u00e1ny\u00e9rok mosogat\u00f3g\u00e9pben moshat\u00f3k. A term\u00e9k hagyom\u00e1nyos \u00e9s mikrohull\u00e1m\u00fa s\u00fct\u0151ben sem haszn\u00e1lhat\u00f3.<\/p>\n","protected":false},"featured_media":1639,"comment_status":"open","ping_status":"closed","template":"","meta":{"_acf_changed":false,"inline_featured_image":false},"product_cat":[58,79,39,132],"product_tag":[118,77,136,140],"class_list":{"0":"post-1635","1":"product","2":"type-product","3":"status-publish","4":"has-post-thumbnail","6":"product_cat-konyha","7":"product_cat-pizzaimadoknak","8":"product_cat-talalas","9":"product_cat-vendegvaro","10":"product_tag-gusta","11":"product_tag-pizza","12":"product_tag-talalas","13":"product_tag-vendegvaro","14":"pa_marka-gusta","15":"product_brand-gusta","17":"first","18":"instock","19":"taxable","20":"shipping-taxable","21":"purchasable","22":"product-type-simple"},"acf":[],"_links":{"self":[{"href":"https:\/\/lifee.hu\/teszt\/wp-json\/wp\/v2\/product\/1635","targetHints":{"allow":["GET"]}}],"collection":[{"href":"https:\/\/lifee.hu\/teszt\/wp-json\/wp\/v2\/product"}],"about":[{"href":"https:\/\/lifee.hu\/teszt\/wp-json\/wp\/v2\/types\/product"}],"replies":[{"embeddable":true,"href":"https:\/\/lifee.hu\/teszt\/wp-json\/wp\/v2\/comments?post=1635"}],"wp:featuredmedia":[{"embeddable":true,"href":"https:\/\/lifee.hu\/teszt\/wp-json\/wp\/v2\/media\/1639"}],"wp:attachment":[{"href":"https:\/\/lifee.hu\/teszt\/wp-json\/wp\/v2\/media?parent=1635"}],"wp:term":[{"taxonomy":"product_cat","embeddable":true,"href":"https:\/\/lifee.hu\/teszt\/wp-json\/wp\/v2\/product_cat?post=1635"},{"taxonomy":"product_tag","embeddable":true,"href":"https:\/\/lifee.hu\/teszt\/wp-json\/wp\/v2\/product_tag?post=1635"}],"curies":[{"name":"wp","href":"https:\/\/api.w.org\/{rel}","templated":true}]}}