{"id":1550,"date":"2023-06-08T09:57:31","date_gmt":"2023-06-08T07:57:31","guid":{"rendered":"https:\/\/lifee.hu\/teszt\/?post_type=product&#038;p=1550"},"modified":"2025-05-13T12:07:45","modified_gmt":"2025-05-13T10:07:45","slug":"gusta-deco-tortatarto-fem-o31-5cm-fekete","status":"publish","type":"product","link":"https:\/\/lifee.hu\/teszt\/termek\/gusta-deco-tortatarto-fem-o31-5cm-fekete\/","title":{"rendered":"GUSTA f\u00e9m deco\/tortatart\u00f3 \u00f831.5cm, fekete"},"content":{"rendered":"","protected":false},"excerpt":{"rendered":"<p style=\"font-weight: 400;\">A GUSTA term\u00e9keinek egyik legmeggy\u0151z\u0151bb tulajdons\u00e1ga \u2013 a min\u0151s\u00e9gen \u00e9s az eszt\u00e9tikumon t\u00fal \u2013, hogy adott esetben t\u00f6bb funkci\u00f3t is gond n\u00e9lk\u00fcl bet\u00f6lthetnek. Ezt a fekete \u00e1llv\u00e1nyt p\u00e9ld\u00e1ul a nappaliban \u00e9s az \u00e9tkez\u0151ben egyar\u00e1nt haszn\u00e1lhatod att\u00f3l f\u00fcgg\u0151en, hogy mi ker\u00fcl r\u00e1: n\u00e9h\u00e1ny m\u00e9csestart\u00f3 a romantikus este megalapoz\u00e1s\u00e1hoz, sz\u00fclinapi torta egy szeretted felk\u00f6sz\u00f6nt\u00e9s\u00e9hez, vagy finom falatok, s\u00fctem\u00e9nyek, szendvicsek a bar\u00e1ti, csal\u00e1di \u00f6sszej\u00f6vetelre \u2013 \u00e9s a sor b\u00e1tran folytathat\u00f3.<\/p>\n<p style=\"font-weight: 400;\">M\u00e9ret: \u00d8 31,5 cm \u2013 31,5 x 31,5 x 14,7 cm<br \/>\nAnyag: f\u00e9m<br \/>\nSz\u00edn: fekete<br \/>\nTiszt\u00edt\u00e1s: csak k\u00e9zi mos\u00e1s aj\u00e1nlott<\/p>\n","protected":false},"featured_media":1553,"comment_status":"open","ping_status":"closed","template":"","meta":{"_acf_changed":false,"inline_featured_image":false},"product_cat":[130,58,39,132],"product_tag":[148,118,150],"class_list":{"0":"post-1550","1":"product","2":"type-product","3":"status-publish","4":"has-post-thumbnail","6":"product_cat-dekoracio","7":"product_cat-konyha","8":"product_cat-talalas","9":"product_cat-vendegvaro","10":"product_tag-deco","11":"product_tag-gusta","12":"product_tag-tortaallvany","13":"pa_marka-gusta","14":"product_brand-gusta","16":"first","17":"instock","18":"taxable","19":"shipping-taxable","20":"purchasable","21":"product-type-simple"},"acf":[],"_links":{"self":[{"href":"https:\/\/lifee.hu\/teszt\/wp-json\/wp\/v2\/product\/1550","targetHints":{"allow":["GET"]}}],"collection":[{"href":"https:\/\/lifee.hu\/teszt\/wp-json\/wp\/v2\/product"}],"about":[{"href":"https:\/\/lifee.hu\/teszt\/wp-json\/wp\/v2\/types\/product"}],"replies":[{"embeddable":true,"href":"https:\/\/lifee.hu\/teszt\/wp-json\/wp\/v2\/comments?post=1550"}],"wp:featuredmedia":[{"embeddable":true,"href":"https:\/\/lifee.hu\/teszt\/wp-json\/wp\/v2\/media\/1553"}],"wp:attachment":[{"href":"https:\/\/lifee.hu\/teszt\/wp-json\/wp\/v2\/media?parent=1550"}],"wp:term":[{"taxonomy":"product_cat","embeddable":true,"href":"https:\/\/lifee.hu\/teszt\/wp-json\/wp\/v2\/product_cat?post=1550"},{"taxonomy":"product_tag","embeddable":true,"href":"https:\/\/lifee.hu\/teszt\/wp-json\/wp\/v2\/product_tag?post=1550"}],"curies":[{"name":"wp","href":"https:\/\/api.w.org\/{rel}","templated":true}]}}

GUSTA fém deco/tortatartó ø31.5cm, fekete

<p style="font-weight: 400;">A GUSTA termékeinek egyik legmeggyőzőbb tulajdonsága – a minőségen és az esztétikumon túl –, hogy adott esetben több funkciót is gond nélkül betölthetnek. Ezt a fekete állványt például a nappaliban és az étkezőben egyaránt használhatod attól függően, hogy mi kerül rá: néhány mécsestartó a romantikus este megalapozásához, szülinapi torta egy szeretted felköszöntéséhez, vagy finom falatok, sütemények, szendvicsek a baráti, családi összejövetelre – és a sor bátran folytatható.</p>
<p style="font-weight: 400;">Méret: Ø 31,5 cm – 31,5 x 31,5 x 14,7 cm<br />
Anyag: fém<br />
Szín: fekete<br />
Tisztítás: csak kézi mosás ajánlott</p>
