{"id":1401,"date":"2023-06-01T14:25:14","date_gmt":"2023-06-01T12:25:14","guid":{"rendered":"https:\/\/lifee.hu\/teszt\/?post_type=product&#038;p=1401"},"modified":"2025-05-13T12:07:47","modified_gmt":"2025-05-13T10:07:47","slug":"gusta-3-szintes-kinaloallvany","status":"publish","type":"product","link":"https:\/\/lifee.hu\/teszt\/termek\/gusta-3-szintes-kinaloallvany\/","title":{"rendered":"GUSTA 3 szintes k\u00edn\u00e1l\u00f3\u00e1llv\u00e1ny"},"content":{"rendered":"","protected":false},"excerpt":{"rendered":"<p>Ezzel a GUSTA t\u00e1lal\u00f3k\u00e9szlettel mindig valami k\u00fcl\u00f6nlegeset teszel az asztalra! A bambuszb\u00f3l \u00e9s f\u00e9mb\u0151l k\u00e9sz\u00fclt 3 emeletes \u00e1llv\u00e1ny elegend\u0151 helyet biztos\u00edt sz\u00e1mos sajt, \u00e9dess\u00e9g, szendvics vagy tapas felszolg\u00e1l\u00e1s\u00e1hoz. A bambusz t\u00e1lal\u00f3polcok k\u00fcl\u00f6n haszn\u00e1latra kivehet\u0151k \u00e9s k\u00f6nnyen tiszt\u00edthat\u00f3k. A t\u00e1lal\u00f3k\u00e9szlet egy sz\u00f3szt\u00e1lk\u00e1t is tartalmaz.<\/p>\n<p>M\u00e9ret: 19&#215;13,5&#215;25,5 cm<br \/>\nAnyag: fa (bambusz), f\u00e9m<br \/>\nSz\u00edn: fa, fekete<br \/>\nTiszt\u00edt\u00e1s: k\u00e9zi mosogat\u00e1s aj\u00e1nlott<\/p>\n","protected":false},"featured_media":1402,"comment_status":"open","ping_status":"closed","template":"","meta":{"_acf_changed":false,"inline_featured_image":false},"product_cat":[58,39,132],"product_tag":[118,136,140],"class_list":{"0":"post-1401","1":"product","2":"type-product","3":"status-publish","4":"has-post-thumbnail","6":"product_cat-konyha","7":"product_cat-talalas","8":"product_cat-vendegvaro","9":"product_tag-gusta","10":"product_tag-talalas","11":"product_tag-vendegvaro","12":"pa_marka-gusta","13":"product_brand-gusta","15":"first","16":"instock","17":"taxable","18":"shipping-taxable","19":"purchasable","20":"product-type-simple"},"acf":[],"_links":{"self":[{"href":"https:\/\/lifee.hu\/teszt\/wp-json\/wp\/v2\/product\/1401","targetHints":{"allow":["GET"]}}],"collection":[{"href":"https:\/\/lifee.hu\/teszt\/wp-json\/wp\/v2\/product"}],"about":[{"href":"https:\/\/lifee.hu\/teszt\/wp-json\/wp\/v2\/types\/product"}],"replies":[{"embeddable":true,"href":"https:\/\/lifee.hu\/teszt\/wp-json\/wp\/v2\/comments?post=1401"}],"wp:featuredmedia":[{"embeddable":true,"href":"https:\/\/lifee.hu\/teszt\/wp-json\/wp\/v2\/media\/1402"}],"wp:attachment":[{"href":"https:\/\/lifee.hu\/teszt\/wp-json\/wp\/v2\/media?parent=1401"}],"wp:term":[{"taxonomy":"product_cat","embeddable":true,"href":"https:\/\/lifee.hu\/teszt\/wp-json\/wp\/v2\/product_cat?post=1401"},{"taxonomy":"product_tag","embeddable":true,"href":"https:\/\/lifee.hu\/teszt\/wp-json\/wp\/v2\/product_tag?post=1401"}],"curies":[{"name":"wp","href":"https:\/\/api.w.org\/{rel}","templated":true}]}}