{"id":1282,"date":"2023-05-31T15:53:18","date_gmt":"2023-05-31T13:53:18","guid":{"rendered":"https:\/\/lifee.hu\/teszt\/?post_type=product&#038;p=1282"},"modified":"2025-05-13T12:07:48","modified_gmt":"2025-05-13T10:07:48","slug":"gusta-lazy-susan-talkakkal","status":"publish","type":"product","link":"https:\/\/lifee.hu\/teszt\/termek\/gusta-lazy-susan-talkakkal\/","title":{"rendered":"GUSTA Lazy Susan forg\u00f3 t\u00e1lal\u00f3deszka"},"content":{"rendered":"","protected":false},"excerpt":{"rendered":"<p style=\"font-weight: 400;\">A GUSTA Lazy Susan kifejezetten arra k\u00e9sz\u00fclt, hogy a vend\u00e9gv\u00e1r\u00f3 falatk\u00e1kat egy mozdulattal az asztalra lehessen tenni. A legfinomabb harapnival\u00f3kat \u00e9s m\u00e1rtogat\u00f3sokat a bambuszdeszk\u00e1n vagy a speci\u00e1lisan kialak\u00edtott fekete ker\u00e1miat\u00e1lk\u00e1kban t\u00e1lalhatod. A foganty\u00faval er\u0151fesz\u00edt\u00e9s n\u00e9lk\u00fcl letehet\u0151 az eg\u00e9sz az asztalra. A deszka forgathat\u00f3, hogy mindenki maga el\u00e9 forgathassa azt, amit el szeretne venni a t\u00e1lal\u00f3r\u00f3l.<\/p>\n<p style=\"font-weight: 400;\">A ker\u00e1mia t\u00e1lk\u00e1k mikrohull\u00e1m\u00fas\u00fct\u0151ben \u00e9s s\u00fct\u0151ben is haszn\u00e1lhat\u00f3k.<\/p>\n<p style=\"font-weight: 400;\">M\u00e9ret: 32 cm (\u00e1tm\u00e9r\u0151), 17,5 cm (magass\u00e1g)<br \/>\nAnyag: fa, ker\u00e1mia, f\u00e9m<br \/>\nSz\u00edn: fa, fekete<br \/>\nTiszt\u00edt\u00e1s: a fa k\u00edn\u00e1l\u00f3t\u00e1l k\u00e9zzel moshat\u00f3, a t\u00e1lk\u00e1k mosogat\u00f3g\u00e9pbe tehet\u0151k<\/p>\n","protected":false},"featured_media":1283,"comment_status":"open","ping_status":"closed","template":"","meta":{"_acf_changed":false,"inline_featured_image":false},"product_cat":[39,132],"product_tag":[118,136],"class_list":{"0":"post-1282","1":"product","2":"type-product","3":"status-publish","4":"has-post-thumbnail","6":"product_cat-talalas","7":"product_cat-vendegvaro","8":"product_tag-gusta","9":"product_tag-talalas","10":"pa_marka-gusta","11":"product_brand-gusta","13":"first","14":"instock","15":"taxable","16":"shipping-taxable","17":"purchasable","18":"product-type-simple"},"acf":[],"_links":{"self":[{"href":"https:\/\/lifee.hu\/teszt\/wp-json\/wp\/v2\/product\/1282","targetHints":{"allow":["GET"]}}],"collection":[{"href":"https:\/\/lifee.hu\/teszt\/wp-json\/wp\/v2\/product"}],"about":[{"href":"https:\/\/lifee.hu\/teszt\/wp-json\/wp\/v2\/types\/product"}],"replies":[{"embeddable":true,"href":"https:\/\/lifee.hu\/teszt\/wp-json\/wp\/v2\/comments?post=1282"}],"wp:featuredmedia":[{"embeddable":true,"href":"https:\/\/lifee.hu\/teszt\/wp-json\/wp\/v2\/media\/1283"}],"wp:attachment":[{"href":"https:\/\/lifee.hu\/teszt\/wp-json\/wp\/v2\/media?parent=1282"}],"wp:term":[{"taxonomy":"product_cat","embeddable":true,"href":"https:\/\/lifee.hu\/teszt\/wp-json\/wp\/v2\/product_cat?post=1282"},{"taxonomy":"product_tag","embeddable":true,"href":"https:\/\/lifee.hu\/teszt\/wp-json\/wp\/v2\/product_tag?post=1282"}],"curies":[{"name":"wp","href":"https:\/\/api.w.org\/{rel}","templated":true}]}}